CRAN Package Check Results for Package wNNSel

Last updated on 2022-06-26 07:53:59 CEST.

Flavor Version Tinstall Tcheck Ttotal Status Flags
r-devel-linux-x86_64-debian-clang 0.1 1.95 37.57 39.52 NOTE
r-devel-linux-x86_64-debian-gcc 0.1 1.70 28.73 30.43 NOTE
r-devel-linux-x86_64-fedora-clang 0.1 57.93 NOTE
r-devel-linux-x86_64-fedora-gcc 0.1 58.16 NOTE
r-devel-windows-x86_64 0.1 12.00 58.00 70.00 NOTE
r-patched-linux-x86_64 0.1 2.48 36.42 38.90 NOTE
r-release-linux-x86_64 0.1 1.98 36.86 38.84 NOTE
r-release-macos-arm64 0.1 17.00 NOTE
r-release-macos-x86_64 0.1 24.00 NOTE
r-release-windows-x86_64 0.1 6.00 58.00 64.00 NOTE
r-oldrel-macos-arm64 0.1 19.00 NOTE
r-oldrel-macos-x86_64 0.1 28.00 NOTE
r-oldrel-windows-ix86+x86_64 0.1 6.00 42.00 48.00 NOTE

Check Details

Version: 0.1
Check: LazyData
Result: NOTE
     'LazyData' is specified without a 'data' directory
Flavors: r-devel-linux-x86_64-debian-clang, r-devel-linux-x86_64-debian-gcc, r-devel-linux-x86_64-fedora-clang, r-devel-linux-x86_64-fedora-gcc, r-devel-windows-x86_64, r-patched-linux-x86_64, r-release-linux-x86_64, r-release-macos-arm64, r-release-macos-x86_64, r-release-windows-x86_64, r-oldrel-macos-arm64, r-oldrel-macos-x86_64, r-oldrel-windows-ix86+x86_64