CRAN Package Check Results for Package wTO

Last updated on 2021-09-27 23:50:59 CEST.

Flavor Version Tinstall Tcheck Ttotal Status Flags
r-devel-linux-x86_64-debian-clang 1.6.3 5.51 66.21 71.72 NOTE
r-devel-linux-x86_64-debian-gcc 1.6.3 4.42 50.40 54.82 NOTE
r-devel-linux-x86_64-fedora-clang 1.6.3 94.90 NOTE
r-devel-linux-x86_64-fedora-gcc 1.6.3 79.02 NOTE
r-devel-windows-x86_64 1.6.3 7.00 64.00 71.00 NOTE
r-devel-windows-x86_64-gcc10-UCRT 1.6.3 NOTE
r-patched-linux-x86_64 1.6.3 5.73 63.58 69.31 NOTE
r-patched-solaris-x86 1.6.3 118.30 NOTE
r-release-linux-x86_64 1.6.3 6.14 61.79 67.93 NOTE
r-release-macos-arm64 1.6.3 NOTE
r-release-macos-x86_64 1.6.3 NOTE
r-release-windows-ix86+x86_64 1.6.3 12.00 65.00 77.00 NOTE
r-oldrel-macos-x86_64 1.6.3 NOTE
r-oldrel-windows-ix86+x86_64 1.6.3 8.00 60.00 68.00 NOTE

Check Details

Version: 1.6.3
Check: package vignettes
Result: NOTE
    Package vignette with placeholder title 'Vignette Title':
     'wTOvignette.Rmd'
Flavors: r-devel-linux-x86_64-debian-clang, r-devel-linux-x86_64-debian-gcc, r-devel-windows-x86_64, r-patched-linux-x86_64, r-release-linux-x86_64, r-release-windows-ix86+x86_64, r-oldrel-windows-ix86+x86_64

Version: 1.6.3
Check: dependencies in R code
Result: NOTE
    Namespace in Imports field not imported from: ‘shiny’
     All declared Imports should be used.
Flavors: r-devel-linux-x86_64-fedora-clang, r-devel-linux-x86_64-fedora-gcc, r-devel-windows-x86_64-gcc10-UCRT, r-patched-solaris-x86, r-release-macos-arm64, r-release-macos-x86_64, r-oldrel-macos-x86_64