CRAN Package Check Results for Package wacolors

Last updated on 2021-09-19 15:49:50 CEST.

Flavor Version Tinstall Tcheck Ttotal Status Flags
r-devel-linux-x86_64-debian-clang 0.2.1 4.47 48.85 53.32 OK
r-devel-linux-x86_64-debian-gcc 0.2.1 3.54 36.80 40.34 OK
r-devel-linux-x86_64-fedora-clang 0.2.1 71.67 OK
r-devel-linux-x86_64-fedora-gcc 0.2.1 59.51 OK
r-devel-windows-x86_64 0.2.1 7.00 67.00 74.00 OK
r-devel-windows-x86_64-gcc10-UCRT 0.2.1 ERROR
r-patched-linux-x86_64 0.2.1 4.56 45.16 49.72 OK
r-patched-solaris-x86 0.2.1 86.80 OK
r-release-linux-x86_64 0.2.1 4.38 45.85 50.23 OK
r-release-macos-arm64 0.2.1 OK
r-release-macos-x86_64 0.2.1 OK
r-release-windows-ix86+x86_64 0.2.1 12.00 50.00 62.00 OK
r-oldrel-macos-x86_64 0.2.1 OK
r-oldrel-windows-ix86+x86_64 0.2.1 13.00 48.00 61.00 OK

Check Details

Version: 0.2.1
Check: whether package can be installed
Result: WARN
    Found the following significant warnings:
     WARNING: installation-time patches will not be applied, could not get the patches index
Flavor: r-devel-windows-x86_64-gcc10-UCRT

Version: 0.2.1
Check: PDF version of manual
Result: WARN
    LaTeX errors when creating PDF version.
    This typically indicates Rd problems.
Flavor: r-devel-windows-x86_64-gcc10-UCRT

Version: 0.2.1
Check: PDF version of manual without hyperrefs or index
Result: ERROR
    Re-running with no redirection of stdout/stderr.
Flavor: r-devel-windows-x86_64-gcc10-UCRT