CRAN Package Check Results for Package waffle

Last updated on 2022-10-05 07:51:51 CEST.

Flavor Version Tinstall Tcheck Ttotal Status Flags
r-devel-linux-x86_64-debian-clang 0.7.0 5.78 55.71 61.49 NOTE
r-devel-linux-x86_64-debian-gcc 0.7.0 4.48 41.50 45.98 NOTE
r-devel-linux-x86_64-fedora-clang 0.7.0 86.14 NOTE
r-devel-linux-x86_64-fedora-gcc 0.7.0 80.90 NOTE
r-devel-windows-x86_64 0.7.0 13.00 78.00 91.00 NOTE
r-patched-linux-x86_64 0.7.0 4.34 51.21 55.55 OK
r-release-linux-x86_64 0.7.0 4.72 51.77 56.49 OK
r-release-macos-arm64 0.7.0 25.00 OK
r-release-macos-x86_64 0.7.0 44.00 OK
r-release-windows-x86_64 0.7.0 13.00 80.00 93.00 OK
r-oldrel-macos-arm64 0.7.0 30.00 OK
r-oldrel-macos-x86_64 0.7.0 38.00 OK
r-oldrel-windows-ix86+x86_64 0.7.0 14.00 80.00 94.00 OK

Check Details

Version: 0.7.0
Check: package subdirectories
Result: NOTE
    Problems with news in 'NEWS.md':
    No news entries found.
Flavors: r-devel-linux-x86_64-debian-clang, r-devel-linux-x86_64-debian-gcc, r-devel-linux-x86_64-fedora-clang, r-devel-linux-x86_64-fedora-gcc, r-devel-windows-x86_64