Last updated on 2022-07-07 06:50:09 CEST.
Flavor | Version | Tinstall | Tcheck | Ttotal | Status | Flags |
---|---|---|---|---|---|---|
r-devel-linux-x86_64-debian-clang | 1.0.4 | 505.59 | 278.69 | 784.28 | NOTE | |
r-devel-linux-x86_64-debian-gcc | 1.0.4 | 473.44 | 226.08 | 699.52 | NOTE | |
r-devel-linux-x86_64-fedora-clang | 1.0.4 | 1129.69 | NOTE | |||
r-devel-linux-x86_64-fedora-gcc | 1.0.4 | 1164.52 | NOTE | |||
r-devel-windows-x86_64 | 1.0.4 | 367.00 | 359.00 | 726.00 | NOTE | |
r-patched-linux-x86_64 | 1.0.4 | 406.07 | 298.77 | 704.84 | NOTE | |
r-release-linux-x86_64 | 1.0.4 | 379.07 | 295.81 | 674.88 | NOTE | |
r-release-macos-arm64 | 1.0.4 | 291.00 | NOTE | |||
r-release-macos-x86_64 | 1.0.4 | 477.00 | NOTE | |||
r-release-windows-x86_64 | 1.0.4 | 404.00 | 375.00 | 779.00 | NOTE | |
r-oldrel-macos-arm64 | 1.0.4 | 323.00 | NOTE | |||
r-oldrel-macos-x86_64 | 1.0.4 | 355.00 | NOTE | |||
r-oldrel-windows-ix86+x86_64 | 1.0.4 | 1176.00 | 447.00 | 1623.00 | NOTE |
Version: 1.0.4
Check: for GNU extensions in Makefiles
Result: NOTE
GNU make is a SystemRequirements.
Flavors: r-devel-linux-x86_64-debian-clang, r-devel-linux-x86_64-debian-gcc, r-devel-linux-x86_64-fedora-clang, r-devel-linux-x86_64-fedora-gcc, r-devel-windows-x86_64, r-patched-linux-x86_64, r-release-linux-x86_64, r-release-macos-arm64, r-release-macos-x86_64, r-release-windows-x86_64, r-oldrel-macos-arm64, r-oldrel-macos-x86_64, r-oldrel-windows-ix86+x86_64
Version: 1.0.4
Check: installed package size
Result: NOTE
installed size is 59.1Mb
sub-directories of 1Mb or more:
doc 1.0Mb
libs 57.7Mb
Flavors: r-devel-linux-x86_64-fedora-clang, r-devel-windows-x86_64, r-release-macos-arm64, r-release-macos-x86_64, r-release-windows-x86_64, r-oldrel-macos-arm64, r-oldrel-macos-x86_64, r-oldrel-windows-ix86+x86_64