CRAN Package Check Results for Package wallace

Last updated on 2019-10-18 18:48:08 CEST.

Flavor Version Tinstall Tcheck Ttotal Status Flags
r-devel-linux-x86_64-debian-clang 1.0.6 3.31 25.04 28.35 OK
r-devel-linux-x86_64-debian-gcc 1.0.6 2.83 21.34 24.17 OK
r-devel-linux-x86_64-fedora-clang 1.0.6 35.47 NOTE
r-devel-linux-x86_64-fedora-gcc 1.0.6 34.71 NOTE
r-devel-windows-ix86+x86_64 1.0.6 21.00 60.00 81.00 OK
r-patched-linux-x86_64 1.0.6 3.17 25.60 28.77 OK
r-patched-solaris-x86 1.0.6 59.10 NOTE
r-release-linux-x86_64 1.0.6 2.55 26.09 28.64 OK
r-release-windows-ix86+x86_64 1.0.6 9.00 41.00 50.00 OK
r-release-osx-x86_64 1.0.6 NOTE
r-oldrel-windows-ix86+x86_64 1.0.6 5.00 37.00 42.00 OK
r-oldrel-osx-x86_64 1.0.6 NOTE

Check Details

Version: 1.0.6
Check: dependencies in R code
Result: NOTE
    Namespaces in Imports field not imported from:
     ‘DT’ ‘ENMeval’ ‘RColorBrewer’ ‘XML’ ‘dismo’ ‘dplyr’ ‘leaflet.extras’
     ‘maptools’ ‘raster’ ‘rgdal’ ‘rgeos’ ‘rmarkdown’ ‘shinyjs’
     ‘shinythemes’ ‘spThin’ ‘spocc’ ‘zip’
     All declared Imports should be used.
Flavors: r-devel-linux-x86_64-fedora-clang, r-devel-linux-x86_64-fedora-gcc, r-patched-solaris-x86, r-release-osx-x86_64, r-oldrel-osx-x86_64