CRAN Package Check Results for Package wallace

Last updated on 2019-07-18 00:48:45 CEST.

Flavor Version Tinstall Tcheck Ttotal Status Flags
r-devel-linux-x86_64-debian-clang 1.0.6 3.00 25.20 28.20 OK
r-devel-linux-x86_64-debian-gcc 1.0.6 2.42 21.05 23.47 OK
r-devel-linux-x86_64-fedora-clang 1.0.6 33.40 NOTE
r-devel-linux-x86_64-fedora-gcc 1.0.6 32.50 NOTE
r-devel-windows-ix86+x86_64 1.0.6 13.00 67.00 80.00 OK
r-patched-linux-x86_64 1.0.6 2.91 25.00 27.91 OK
r-patched-solaris-x86 1.0.6 57.60 NOTE
r-release-linux-x86_64 1.0.6 2.98 25.67 28.65 OK
r-release-windows-ix86+x86_64 1.0.6 8.00 40.00 48.00 OK
r-release-osx-x86_64 1.0.6 NOTE
r-oldrel-windows-ix86+x86_64 1.0.6 6.00 65.00 71.00 OK
r-oldrel-osx-x86_64 1.0.6 NOTE

Check Details

Version: 1.0.6
Check: dependencies in R code
Result: NOTE
    Namespaces in Imports field not imported from:
     ‘DT’ ‘ENMeval’ ‘RColorBrewer’ ‘XML’ ‘dismo’ ‘dplyr’ ‘leaflet.extras’
     ‘maptools’ ‘raster’ ‘rgdal’ ‘rgeos’ ‘rmarkdown’ ‘shinyjs’
     ‘shinythemes’ ‘spThin’ ‘spocc’ ‘zip’
     All declared Imports should be used.
Flavors: r-devel-linux-x86_64-fedora-clang, r-devel-linux-x86_64-fedora-gcc, r-patched-solaris-x86, r-release-osx-x86_64, r-oldrel-osx-x86_64