CRAN Package Check Results for Package wallace

Last updated on 2022-12-07 04:50:35 CET.

Flavor Version Tinstall Tcheck Ttotal Status Flags
r-devel-linux-x86_64-debian-clang 1.1.3 4.07 39.06 43.13 OK
r-devel-linux-x86_64-debian-gcc 1.1.3 4.01 30.25 34.26 OK
r-devel-linux-x86_64-fedora-clang 1.1.3 62.65 NOTE
r-devel-linux-x86_64-fedora-gcc 1.1.3 66.43 NOTE
r-devel-windows-x86_64 1.1.3 37.00 73.00 110.00 OK
r-patched-linux-x86_64 1.1.3 4.08 37.08 41.16 OK
r-release-linux-x86_64 1.1.3 4.04 37.47 41.51 OK
r-release-macos-arm64 1.1.3 19.00 NOTE
r-release-macos-x86_64 1.1.3 37.00 NOTE
r-release-windows-x86_64 1.1.3 42.00 78.00 120.00 OK
r-oldrel-macos-arm64 1.1.3 17.00 NOTE
r-oldrel-macos-x86_64 1.1.3 29.00 NOTE
r-oldrel-windows-ix86+x86_64 1.1.3 17.00 71.00 88.00 OK

Check Details

Version: 1.1.3
Check: dependencies in R code
Result: NOTE
    Namespaces in Imports field not imported from:
     ‘DT’ ‘ENMeval’ ‘RColorBrewer’ ‘dismo’ ‘dplyr’ ‘ecospat’ ‘jsonlite’
     ‘leaflet.extras’ ‘raster’ ‘rgdal’ ‘rgeos’ ‘rmarkdown’ ‘shinyjs’ ‘sp’
     ‘spThin’ ‘spocc’ ‘zip’
     All declared Imports should be used.
Flavors: r-devel-linux-x86_64-fedora-clang, r-devel-linux-x86_64-fedora-gcc, r-release-macos-arm64, r-release-macos-x86_64, r-oldrel-macos-arm64, r-oldrel-macos-x86_64