CRAN Package Check Results for Package walrus

Last updated on 2021-11-29 15:51:30 CET.

Flavor Version Tinstall Tcheck Ttotal Status Flags
r-devel-linux-x86_64-debian-clang 1.0.3 16.05 31.83 47.88 NOTE
r-devel-linux-x86_64-debian-gcc 1.0.3 14.13 24.99 39.12 NOTE
r-devel-linux-x86_64-fedora-clang 1.0.3 76.44 NOTE
r-devel-linux-x86_64-fedora-gcc 1.0.3 62.85 NOTE
r-devel-windows-x86_64-new-UL 1.0.3 27.00 69.00 96.00 NOTE
r-devel-windows-x86_64-new-TK 1.0.3 NOTE
r-devel-windows-x86_64-old 1.0.3 25.00 38.00 63.00 NOTE
r-patched-linux-x86_64 1.0.3 15.50 30.06 45.56 NOTE
r-patched-solaris-x86 1.0.3 84.10 NOTE
r-release-linux-x86_64 1.0.3 15.60 30.30 45.90 NOTE
r-release-macos-arm64 1.0.3 NOTE
r-release-macos-x86_64 1.0.3 NOTE
r-release-windows-ix86+x86_64 1.0.3 26.00 39.00 65.00 NOTE
r-oldrel-macos-x86_64 1.0.3 NOTE
r-oldrel-windows-ix86+x86_64 1.0.3 18.00 41.00 59.00 OK

Check Details

Version: 1.0.3
Check: LazyData
Result: NOTE
     'LazyData' is specified without a 'data' directory
Flavors: r-devel-linux-x86_64-debian-clang, r-devel-linux-x86_64-debian-gcc, r-devel-linux-x86_64-fedora-clang, r-devel-linux-x86_64-fedora-gcc, r-devel-windows-x86_64-new-UL, r-devel-windows-x86_64-new-TK, r-devel-windows-x86_64-old, r-patched-linux-x86_64, r-patched-solaris-x86, r-release-linux-x86_64, r-release-macos-arm64, r-release-macos-x86_64, r-release-windows-ix86+x86_64

Version: 1.0.3
Check: dependencies in R code
Result: NOTE
    Namespaces in Imports field not imported from:
     ‘R6’ ‘WRS2’ ‘ggplot2’
     All declared Imports should be used.
Flavors: r-devel-linux-x86_64-fedora-clang, r-devel-linux-x86_64-fedora-gcc, r-devel-windows-x86_64-new-TK, r-patched-solaris-x86, r-release-macos-arm64, r-release-macos-x86_64, r-oldrel-macos-x86_64