CRAN Package Check Results for Package warabandi

Last updated on 2021-10-28 15:50:57 CEST.

Flavor Version Tinstall Tcheck Ttotal Status Flags
r-devel-linux-x86_64-debian-clang 0.1.0 1.95 27.57 29.52 OK
r-devel-linux-x86_64-debian-gcc 0.1.0 1.91 21.35 23.26 OK
r-devel-linux-x86_64-fedora-clang 0.1.0 46.41 NOTE
r-devel-linux-x86_64-fedora-gcc 0.1.0 35.50 NOTE
r-devel-windows-x86_64 0.1.0 6.00 35.00 41.00 OK
r-devel-windows-x86_64-gcc10-UCRT 0.1.0 NOTE
r-patched-linux-x86_64 0.1.0 2.35 26.36 28.71 OK
r-patched-solaris-x86 0.1.0 48.70 NOTE
r-release-linux-x86_64 0.1.0 2.12 26.66 28.78 OK
r-release-macos-arm64 0.1.0 NOTE
r-release-macos-x86_64 0.1.0 NOTE
r-release-windows-ix86+x86_64 0.1.0 5.00 46.00 51.00 OK
r-oldrel-macos-x86_64 0.1.0 NOTE
r-oldrel-windows-ix86+x86_64 0.1.0 5.00 48.00 53.00 OK

Check Details

Version: 0.1.0
Check: dependencies in R code
Result: NOTE
    Namespace in Imports field not imported from: ‘flextable’
     All declared Imports should be used.
Flavors: r-devel-linux-x86_64-fedora-clang, r-devel-linux-x86_64-fedora-gcc, r-devel-windows-x86_64-gcc10-UCRT, r-patched-solaris-x86, r-release-macos-arm64, r-release-macos-x86_64, r-oldrel-macos-x86_64