CRAN Package Check Results for Package warbleR

Last updated on 2020-07-12 13:47:16 CEST.

Flavor Version Tinstall Tcheck Ttotal Status Flags
r-devel-linux-x86_64-debian-clang 1.1.24 37.85 202.80 240.65 OK
r-devel-linux-x86_64-debian-gcc 1.1.24 29.73 148.01 177.74 OK
r-devel-linux-x86_64-fedora-clang 1.1.24 285.21 NOTE
r-devel-linux-x86_64-fedora-gcc 1.1.24 281.04 OK
r-devel-windows-ix86+x86_64 1.1.24 47.00 288.00 335.00 NOTE
r-patched-linux-x86_64 1.1.24 36.14 201.58 237.72 OK
r-patched-solaris-x86 1.1.24 344.20 NOTE
r-release-linux-x86_64 1.1.24 33.66 201.39 235.05 OK
r-release-macos-x86_64 1.1.24 NOTE
r-release-windows-ix86+x86_64 1.1.24 61.00 211.00 272.00 NOTE
r-oldrel-macos-x86_64 1.1.24 NOTE
r-oldrel-windows-ix86+x86_64 1.1.24 55.00 265.00 320.00 NOTE

Check Details

Version: 1.1.24
Check: installed package size
Result: NOTE
     installed size is 7.1Mb
     sub-directories of 1Mb or more:
     R 1.1Mb
     doc 5.5Mb
Flavors: r-devel-linux-x86_64-fedora-clang, r-devel-windows-ix86+x86_64, r-patched-solaris-x86, r-release-macos-x86_64, r-release-windows-ix86+x86_64, r-oldrel-macos-x86_64, r-oldrel-windows-ix86+x86_64