CRAN Package Check Results for Package warbleR

Last updated on 2017-11-25 09:50:19 CET.

Flavor Version Tinstall Tcheck Ttotal Status Flags
r-devel-linux-x86_64-debian-clang 1.1.9 4.99 393.15 398.14 OK
r-devel-linux-x86_64-debian-gcc 1.1.9 2.73 320.35 323.08 OK
r-devel-linux-x86_64-fedora-clang 1.1.9 354.46 NOTE
r-devel-linux-x86_64-fedora-gcc 1.1.9 343.42 NOTE
r-devel-windows-ix86+x86_64 1.1.9 9.00 341.00 350.00 NOTE
r-patched-linux-x86_64 1.1.9 4.21 413.55 417.76 OK
r-patched-solaris-x86 1.1.9 596.90 NOTE
r-release-linux-x86_64 1.1.9 4.19 415.91 420.10 OK
r-release-windows-ix86+x86_64 1.1.9 9.00 306.00 315.00 NOTE
r-release-osx-x86_64 1.1.9 ERROR
r-oldrel-windows-ix86+x86_64 1.1.9 15.00 348.00 363.00 NOTE
r-oldrel-osx-x86_64 1.1.9 NOTE

Check Details

Version: 1.1.9
Check: installed package size
Result: NOTE
     installed size is 5.1Mb
     sub-directories of 1Mb or more:
     doc 4.1Mb
Flavors: r-devel-linux-x86_64-fedora-clang, r-devel-linux-x86_64-fedora-gcc, r-devel-windows-ix86+x86_64, r-patched-solaris-x86, r-release-windows-ix86+x86_64, r-oldrel-windows-ix86+x86_64, r-oldrel-osx-x86_64

Version: 1.1.9
Check: dependencies in R code
Result: NOTE
    Namespaces in Imports field not imported from:
     ‘monitoR’ ‘proxy’ ‘signal’
     All declared Imports should be used.
Flavors: r-devel-linux-x86_64-fedora-clang, r-devel-linux-x86_64-fedora-gcc, r-patched-solaris-x86, r-oldrel-osx-x86_64

Version: 1.1.9
Check: package dependencies
Result: ERROR
    Package required but not available: ‘seewave’
    
    See section ‘The DESCRIPTION file’ in the ‘Writing R Extensions’
    manual.
Flavor: r-release-osx-x86_64