CRAN Package Check Results for Package warbleR

Last updated on 2018-04-24 03:49:00 CEST.

Flavor Version Tinstall Tcheck Ttotal Status Flags
r-devel-linux-x86_64-debian-clang 1.1.12 14.23 157.37 171.60 OK
r-devel-linux-x86_64-debian-gcc 1.1.12 12.17 128.98 141.15 OK
r-devel-linux-x86_64-fedora-clang 1.1.12 227.61 NOTE
r-devel-linux-x86_64-fedora-gcc 1.1.12 216.21 NOTE
r-devel-windows-ix86+x86_64 1.1.12 37.00 214.00 251.00 OK
r-devel-osx-x86_64 1.1.12 NOTE
r-patched-linux-x86_64 1.1.12 15.33 177.32 192.65 OK
r-patched-solaris-x86 1.1.12 305.50 NOTE
r-release-linux-x86_64 1.1.12 14.85 177.88 192.73 OK
r-release-windows-ix86+x86_64 1.1.12 14.00 258.00 272.00 OK
r-release-osx-x86_64 1.1.12 NOTE
r-oldrel-windows-ix86+x86_64 1.1.12 12.00 297.00 309.00 OK

Check Details

Version: 1.1.12
Check: dependencies in R code
Result: NOTE
    Namespaces in Imports field not imported from:
     ‘pbmcapply’ ‘proxy’ ‘signal’
     All declared Imports should be used.
Flavors: r-devel-linux-x86_64-fedora-clang, r-devel-linux-x86_64-fedora-gcc, r-devel-osx-x86_64, r-patched-solaris-x86, r-release-osx-x86_64

Version: 1.1.12
Check: installed package size
Result: NOTE
     installed size is 5.2Mb
     sub-directories of 1Mb or more:
     doc 4.2Mb
Flavor: r-patched-solaris-x86