CRAN Package Check Results for Package warbleR

Last updated on 2017-05-29 08:47:33.

Flavor Version Tinstall Tcheck Ttotal Status Flags
r-devel-linux-x86_64-debian-clang 1.1.8 2.90 64.87 67.77 OK
r-devel-linux-x86_64-debian-gcc 1.1.8 2.86 74.97 77.83 OK
r-devel-linux-x86_64-fedora-clang 1.1.8 116.24 NOTE
r-devel-linux-x86_64-fedora-gcc 1.1.8 107.70 NOTE
r-devel-windows-ix86+x86_64 1.1.8 8.00 132.00 140.00 OK
r-patched-linux-x86_64 1.1.8 2.78 63.18 65.95 OK
r-patched-solaris-sparc 1.1.8 720.60 NOTE
r-patched-solaris-x86 1.1.8 134.10 NOTE
r-release-linux-x86_64 1.1.8 2.96 63.21 66.17 OK
r-release-windows-ix86+x86_64 1.1.8 13.00 196.00 209.00 OK
r-release-osx-x86_64 1.1.8 ERROR
r-oldrel-windows-ix86+x86_64 1.1.8 8.00 86.00 94.00 OK
r-oldrel-osx-x86_64 1.1.8 NOTE

Check Details

Version: 1.1.8
Check: dependencies in R code
Result: NOTE
    Namespaces in Imports field not imported from:
     ‘monitoR’ ‘proxy’ ‘signal’
     All declared Imports should be used.
Flavors: r-devel-linux-x86_64-fedora-clang, r-devel-linux-x86_64-fedora-gcc, r-patched-solaris-sparc, r-patched-solaris-x86, r-oldrel-osx-x86_64

Version: 1.1.8
Check: package dependencies
Result: ERROR
    Package required but not available: ‘seewave’
    
    See section ‘The DESCRIPTION file’ in the ‘Writing R Extensions’
    manual.
Flavor: r-release-osx-x86_64