CRAN Package Check Results for Package warbleR

Last updated on 2018-02-20 17:48:07 CET.

Flavor Version Tinstall Tcheck Ttotal Status Flags
r-devel-linux-x86_64-debian-clang 1.1.10 14.78 169.72 184.50 OK
r-devel-linux-x86_64-debian-gcc 1.1.10 11.47 122.37 133.84 OK
r-devel-linux-x86_64-fedora-clang 1.1.10 209.59 NOTE
r-devel-linux-x86_64-fedora-gcc 1.1.10 203.58 NOTE
r-devel-windows-ix86+x86_64 1.1.10 19.00 125.00 144.00 WARN
r-patched-linux-x86_64 1.1.10 2.57 191.20 193.77 OK
r-patched-solaris-x86 1.1.10 254.10 NOTE
r-release-linux-x86_64 1.1.10 2.79 196.48 199.27 OK
r-release-windows-ix86+x86_64 1.1.10 11.00 184.00 195.00 WARN
r-release-osx-x86_64 1.1.10 ERROR
r-oldrel-windows-ix86+x86_64 1.1.10 12.00 163.00 175.00 WARN
r-oldrel-osx-x86_64 1.1.9 NOTE

Check Details

Version: 1.1.10
Check: dependencies in R code
Result: NOTE
    Namespaces in Imports field not imported from:
     ‘proxy’ ‘signal’
     All declared Imports should be used.
Flavors: r-devel-linux-x86_64-fedora-clang, r-devel-linux-x86_64-fedora-gcc, r-patched-solaris-x86

Version: 1.1.10
Check: re-building of vignette outputs
Result: WARN
    Error in re-building vignettes:
     ...
    Loading required package: maps
    Loading required package: tuneR
    Loading required package: seewave
    Loading required package: NatureSounds
    Quitting from lines 102-109 (warbleR_workflow_phase1.Rmd)
    Error: processing vignette 'warbleR_workflow_phase1.Rmd' failed with diagnostics:
    cannot open the connection
    Execution halted
Flavors: r-devel-windows-ix86+x86_64, r-release-windows-ix86+x86_64, r-oldrel-windows-ix86+x86_64

Version: 1.1.10
Check: package dependencies
Result: ERROR
    Package required but not available: ‘seewave’
    
    See section ‘The DESCRIPTION file’ in the ‘Writing R Extensions’
    manual.
Flavor: r-release-osx-x86_64

Version: 1.1.9
Check: installed package size
Result: NOTE
     installed size is 5.1Mb
     sub-directories of 1Mb or more:
     doc 4.1Mb
Flavor: r-oldrel-osx-x86_64

Version: 1.1.9
Check: dependencies in R code
Result: NOTE
    Namespaces in Imports field not imported from:
     ‘monitoR’ ‘proxy’ ‘signal’
     All declared Imports should be used.
Flavor: r-oldrel-osx-x86_64