CRAN Package Check Results for Package warbleR

Last updated on 2017-09-19 21:48:32.

Flavor Version Tinstall Tcheck Ttotal Status Flags
r-devel-linux-x86_64-debian-clang 1.1.8 2.63 65.83 68.46 OK
r-devel-linux-x86_64-debian-gcc 1.1.8 2.62 63.08 65.70 OK
r-devel-linux-x86_64-fedora-clang 1.1.8 123.65 NOTE
r-devel-linux-x86_64-fedora-gcc 1.1.8 111.71 NOTE
r-devel-windows-ix86+x86_64 1.1.8 9.00 133.00 142.00 OK
r-patched-linux-x86_64 1.1.8 2.88 62.99 65.87 OK
r-patched-solaris-x86 1.1.8 134.90 NOTE
r-release-linux-x86_64 1.1.8 2.68 62.99 65.66 OK
r-release-windows-ix86+x86_64 1.1.8 9.00 102.00 111.00 OK
r-release-osx-x86_64 1.1.8 ERROR
r-oldrel-windows-ix86+x86_64 1.1.8 8.00 87.00 95.00 OK
r-oldrel-osx-x86_64 1.1.8 NOTE

Check Details

Version: 1.1.8
Check: dependencies in R code
Result: NOTE
    Namespaces in Imports field not imported from:
     ‘monitoR’ ‘proxy’ ‘signal’
     All declared Imports should be used.
Flavors: r-devel-linux-x86_64-fedora-clang, r-devel-linux-x86_64-fedora-gcc, r-patched-solaris-x86, r-oldrel-osx-x86_64

Version: 1.1.8
Check: package dependencies
Result: ERROR
    Package required but not available: ‘seewave’
    
    See section ‘The DESCRIPTION file’ in the ‘Writing R Extensions’
    manual.
Flavor: r-release-osx-x86_64