Last updated on 2023-06-07 10:58:53 CEST.
Flavor | Version | Tinstall | Tcheck | Ttotal | Status | Flags |
---|---|---|---|---|---|---|
r-devel-linux-x86_64-debian-clang | 0.1.0 | 26.55 | 29.49 | 56.04 | NOTE | |
r-devel-linux-x86_64-debian-gcc | 0.1.0 | 17.35 | 22.95 | 40.30 | NOTE | |
r-devel-linux-x86_64-fedora-clang | 0.1.0 | 74.13 | NOTE | |||
r-devel-linux-x86_64-fedora-gcc | 0.1.0 | 71.38 | NOTE | |||
r-devel-windows-x86_64 | 0.1.0 | 17.00 | 64.00 | 81.00 | NOTE | |
r-patched-linux-x86_64 | 0.1.0 | 17.25 | 28.52 | 45.77 | NOTE | |
r-release-linux-x86_64 | 0.1.0 | 20.75 | 28.52 | 49.27 | NOTE | |
r-release-macos-arm64 | 0.1.0 | 27.00 | NOTE | |||
r-release-macos-x86_64 | 0.1.0 | 39.00 | NOTE | |||
r-release-windows-x86_64 | 0.1.0 | 21.00 | 69.00 | 90.00 | NOTE | |
r-oldrel-macos-arm64 | 0.1.0 | 25.00 | OK | |||
r-oldrel-macos-x86_64 | 0.1.0 | 33.00 | OK | |||
r-oldrel-windows-x86_64 | 0.1.0 | 23.00 | 71.00 | 94.00 | OK |
Version: 0.1.0
Check: C++ specification
Result: NOTE
Specified C++11: please drop specification unless essential
Flavors: r-devel-linux-x86_64-debian-clang, r-devel-linux-x86_64-debian-gcc, r-devel-linux-x86_64-fedora-clang, r-devel-linux-x86_64-fedora-gcc, r-devel-windows-x86_64, r-patched-linux-x86_64, r-release-linux-x86_64, r-release-macos-arm64, r-release-macos-x86_64, r-release-windows-x86_64