CRAN Package Check Results for Package wavScalogram

Last updated on 2020-04-10 04:49:03 CEST.

Flavor Version Tinstall Tcheck Ttotal Status Flags
r-devel-linux-x86_64-debian-clang 1.0.0 5.51 48.13 53.64 OK
r-devel-linux-x86_64-debian-gcc 1.0.0 5.31 37.92 43.23 OK
r-devel-linux-x86_64-fedora-clang 1.0.0 64.67 NOTE
r-devel-linux-x86_64-fedora-gcc 1.0.0 62.10 NOTE
r-devel-windows-ix86+x86_64 1.0.0 12.00 62.00 74.00 OK
r-devel-windows-ix86+x86_64-gcc8 1.0.0 12.00 62.00 74.00 OK
r-patched-linux-x86_64 1.0.0 6.14 47.19 53.33 OK
r-patched-osx-x86_64 1.0.0 NOTE
r-patched-solaris-x86 1.0.0 97.80 NOTE
r-release-linux-x86_64 1.0.0 5.92 43.96 49.88 OK
r-release-windows-ix86+x86_64 1.0.0 10.00 73.00 83.00 OK
r-release-osx-x86_64 1.0.0 NOTE
r-oldrel-windows-ix86+x86_64 1.0.0 9.00 58.00 67.00 OK
r-oldrel-osx-x86_64 1.0.0 NOTE

Check Details

Version: 1.0.0
Check: dependencies in R code
Result: NOTE
    Namespaces in Imports field not imported from:
     ‘Matrix’ ‘zoo’
     All declared Imports should be used.
Flavors: r-devel-linux-x86_64-fedora-clang, r-devel-linux-x86_64-fedora-gcc, r-patched-osx-x86_64, r-patched-solaris-x86, r-release-osx-x86_64, r-oldrel-osx-x86_64