CRAN Package Check Results for Package wavelets

Last updated on 2020-04-05 02:50:50 CEST.

Flavor Version Tinstall Tcheck Ttotal Status Flags
r-devel-linux-x86_64-debian-clang 0.3-0.2 6.84 41.10 47.94 OK
r-devel-linux-x86_64-debian-gcc 0.3-0.2 5.39 32.05 37.44 OK
r-devel-linux-x86_64-fedora-clang 0.3-0.2 56.93 NOTE
r-devel-linux-x86_64-fedora-gcc 0.3-0.2 56.45 NOTE
r-devel-windows-ix86+x86_64 0.3-0.2 15.00 86.00 101.00 OK
r-devel-windows-ix86+x86_64-gcc8 0.3-0.2 16.00 63.00 79.00 OK
r-patched-linux-x86_64 0.3-0.2 6.57 40.45 47.02 OK
r-patched-solaris-x86 0.3-0.2 79.20 OK
r-release-linux-x86_64 0.3-0.2 5.81 37.69 43.50 OK
r-release-windows-ix86+x86_64 0.3-0.2 14.00 56.00 70.00 OK
r-release-osx-x86_64 0.3-0.2 OK
r-oldrel-windows-ix86+x86_64 0.3-0.2 12.00 66.00 78.00 OK
r-oldrel-osx-x86_64 0.3-0.2 OK

Check Details

Version: 0.3-0.2
Check: compiled code
Result: NOTE
    File ‘wavelets/libs/wavelets.so’:
     Found no calls to: ‘R_registerRoutines’, ‘R_useDynamicSymbols’
    
    It is good practice to register native routines and to disable symbol
    search.
    
    See ‘Writing portable packages’ in the ‘Writing R Extensions’ manual.
Flavors: r-devel-linux-x86_64-fedora-clang, r-devel-linux-x86_64-fedora-gcc