CRAN Package Check Results for Package wavelets

Last updated on 2023-02-06 06:52:13 CET.

Flavor Version Tinstall Tcheck Ttotal Status Flags
r-devel-linux-x86_64-debian-clang 0.3-0.2 6.69 49.83 56.52 OK
r-devel-linux-x86_64-debian-gcc 0.3-0.2 5.77 36.76 42.53 OK
r-devel-linux-x86_64-fedora-clang 0.3-0.2 72.23 NOTE
r-devel-linux-x86_64-fedora-gcc 0.3-0.2 72.27 NOTE
r-devel-windows-x86_64 0.3-0.2 36.00 84.00 120.00 OK
r-patched-linux-x86_64 0.3-0.2 8.65 46.90 55.55 OK
r-release-linux-x86_64 0.3-0.2 7.02 46.74 53.76 OK
r-release-macos-arm64 0.3-0.2 26.00 OK
r-release-macos-x86_64 0.3-0.2 33.00 OK
r-release-windows-x86_64 0.3-0.2 16.00 70.00 86.00 OK
r-oldrel-macos-arm64 0.3-0.2 29.00 OK
r-oldrel-macos-x86_64 0.3-0.2 44.00 OK
r-oldrel-windows-ix86+x86_64 0.3-0.2 16.00 53.00 69.00 OK

Check Details

Version: 0.3-0.2
Check: compiled code
Result: NOTE
    File ‘wavelets/libs/wavelets.so’:
     Found no calls to: ‘R_registerRoutines’, ‘R_useDynamicSymbols’
    
    It is good practice to register native routines and to disable symbol
    search.
    
    See ‘Writing portable packages’ in the ‘Writing R Extensions’ manual.
Flavors: r-devel-linux-x86_64-fedora-clang, r-devel-linux-x86_64-fedora-gcc