CRAN Package Check Results for Package wavelets

Last updated on 2019-09-23 13:46:34 CEST.

Flavor Version Tinstall Tcheck Ttotal Status Flags
r-devel-linux-x86_64-debian-clang 0.3-0.1 6.58 37.34 43.92 OK
r-devel-linux-x86_64-debian-gcc 0.3-0.1 5.30 29.51 34.81 OK
r-devel-linux-x86_64-fedora-clang 0.3-0.1 55.02 NOTE
r-devel-linux-x86_64-fedora-gcc 0.3-0.1 51.44 NOTE
r-devel-windows-ix86+x86_64 0.3-0.1 24.00 57.00 81.00 OK
r-patched-linux-x86_64 0.3-0.1 5.42 35.95 41.37 OK
r-patched-solaris-x86 0.3-0.1 70.70 OK
r-release-linux-x86_64 0.3-0.1 5.45 37.00 42.45 OK
r-release-windows-ix86+x86_64 0.3-0.1 14.00 82.00 96.00 OK
r-release-osx-x86_64 0.3-0.1 OK
r-oldrel-windows-ix86+x86_64 0.3-0.1 10.00 49.00 59.00 OK
r-oldrel-osx-x86_64 0.3-0.1 OK

Check Details

Version: 0.3-0.1
Check: compiled code
Result: NOTE
    File ‘wavelets/libs/wavelets.so’:
     Found no calls to: ‘R_registerRoutines’, ‘R_useDynamicSymbols’
    
    It is good practice to register native routines and to disable symbol
    search.
    
    See ‘Writing portable packages’ in the ‘Writing R Extensions’ manual.
Flavors: r-devel-linux-x86_64-fedora-clang, r-devel-linux-x86_64-fedora-gcc