CRAN Package Check Results for Package wavemulcor

Last updated on 2020-11-28 07:55:13 CET.

Flavor Version Tinstall Tcheck Ttotal Status Flags
r-devel-linux-x86_64-debian-clang 3.1.0 8.69 199.70 208.39 OK
r-devel-linux-x86_64-debian-gcc 3.1.0 6.08 139.50 145.58 OK
r-devel-linux-x86_64-fedora-clang 3.1.0 237.08 OK
r-devel-linux-x86_64-fedora-gcc 3.1.0 236.96 OK
r-devel-windows-ix86+x86_64 3.1.0 10.00 168.00 178.00 OK
r-patched-linux-x86_64 3.1.0 8.13 191.88 200.01 OK
r-patched-solaris-x86 3.1.0 290.00 OK
r-release-linux-x86_64 3.1.0 8.26 191.42 199.68 OK
r-release-macos-x86_64 3.1.0 OK
r-release-windows-ix86+x86_64 3.1.0 12.00 175.00 187.00 OK
r-oldrel-macos-x86_64 3.1.0 NOTE
r-oldrel-windows-ix86+x86_64 3.1.0 10.00 182.00 192.00 NOTE

Check Details

Version: 3.1.0
Check: R code for possible problems
Result: NOTE
    plot_local.multiple.cross.correlation: no visible global function
     definition for ‘plot’
    plot_wave.local.multiple.cross.correlation : blocki: no visible global
     function definition for ‘plot’
    Undefined global functions or variables:
     plot
    Consider adding
     importFrom("graphics", "plot")
    to your NAMESPACE file.
Flavors: r-oldrel-macos-x86_64, r-oldrel-windows-ix86+x86_64