CRAN Package Check Results for Package waveslim

Last updated on 2019-02-19 20:47:58 CET.

Flavor Version Tinstall Tcheck Ttotal Status Flags
r-devel-linux-x86_64-debian-clang 1.7.5.1 9.74 59.77 69.51 OK
r-devel-linux-x86_64-debian-gcc 1.7.5.1 6.65 46.83 53.48 OK
r-devel-linux-x86_64-fedora-clang 1.7.5.1 83.55 NOTE
r-devel-linux-x86_64-fedora-gcc 1.7.5.1 81.92 NOTE
r-devel-windows-ix86+x86_64 1.7.5.1 29.00 97.00 126.00 OK
r-patched-linux-x86_64 1.7.5.1 8.61 51.55 60.16 OK
r-patched-solaris-x86 1.7.5.1 93.50 OK
r-release-linux-x86_64 1.7.5.1 7.48 50.78 58.26 OK
r-release-windows-ix86+x86_64 1.7.5.1 17.00 75.00 92.00 OK
r-release-osx-x86_64 1.7.5.1 OK
r-oldrel-windows-ix86+x86_64 1.7.5.1 10.00 71.00 81.00 OK
r-oldrel-osx-x86_64 1.7.5.1 OK

Check Details

Version: 1.7.5.1
Check: compiled code
Result: NOTE
    File ‘waveslim/libs/waveslim.so’:
     Found no calls to: ‘R_registerRoutines’, ‘R_useDynamicSymbols’
    
    It is good practice to register native routines and to disable symbol
    search.
    
    See ‘Writing portable packages’ in the ‘Writing R Extensions’ manual.
Flavors: r-devel-linux-x86_64-fedora-clang, r-devel-linux-x86_64-fedora-gcc