CRAN Package Check Results for Package waveslim

Last updated on 2019-04-26 16:36:46 CEST.

Flavor Version Tinstall Tcheck Ttotal Status Flags
r-devel-linux-x86_64-debian-clang 1.7.5.1 9.52 60.22 69.74 OK
r-devel-linux-x86_64-debian-gcc 1.7.5.1 8.38 47.24 55.62 OK
r-devel-linux-x86_64-fedora-clang 1.7.5.1 86.32 NOTE
r-devel-linux-x86_64-fedora-gcc 1.7.5.1 81.19 NOTE
r-patched-linux-x86_64 1.7.5.1 9.33 59.05 68.38 OK
r-patched-solaris-x86 1.7.5.1 112.70 OK
r-release-linux-x86_64 1.7.5.1 7.82 50.48 58.30 OK
r-release-windows-ix86+x86_64 1.7.5.1 28.00 94.00 122.00 OK
r-release-osx-x86_64 1.7.5.1 OK
r-oldrel-windows-ix86+x86_64 1.7.5.1 18.00 87.00 105.00 OK
r-oldrel-osx-x86_64 1.7.5.1 OK

Check Details

Version: 1.7.5.1
Check: compiled code
Result: NOTE
    File ‘waveslim/libs/waveslim.so’:
     Found no calls to: ‘R_registerRoutines’, ‘R_useDynamicSymbols’
    
    It is good practice to register native routines and to disable symbol
    search.
    
    See ‘Writing portable packages’ in the ‘Writing R Extensions’ manual.
Flavors: r-devel-linux-x86_64-fedora-clang, r-devel-linux-x86_64-fedora-gcc