CRAN Package Check Results for Package wavethresh

Last updated on 2019-02-19 10:57:05 CET.

Flavor Version Tinstall Tcheck Ttotal Status Flags
r-devel-linux-x86_64-debian-clang 4.6.8 25.28 94.76 120.04 OK
r-devel-linux-x86_64-debian-gcc 4.6.8 13.34 73.46 86.80 OK
r-devel-linux-x86_64-fedora-clang 4.6.8 143.33 NOTE
r-devel-linux-x86_64-fedora-gcc 4.6.8 132.75 NOTE
r-devel-windows-ix86+x86_64 4.6.8 59.00 115.00 174.00 OK
r-patched-linux-x86_64 4.6.8 19.17 90.30 109.47 OK
r-patched-solaris-x86 4.6.8 166.70 OK
r-release-linux-x86_64 4.6.8 19.23 91.21 110.44 OK
r-release-windows-ix86+x86_64 4.6.8 42.00 140.00 182.00 OK
r-release-osx-x86_64 4.6.8 OK
r-oldrel-windows-ix86+x86_64 4.6.8 25.00 121.00 146.00 OK
r-oldrel-osx-x86_64 4.6.8 OK

Check Details

Version: 4.6.8
Check: compiled code
Result: NOTE
    File ‘wavethresh/libs/wavethresh.so’:
     Found no calls to: ‘R_registerRoutines’, ‘R_useDynamicSymbols’
    
    It is good practice to register native routines and to disable symbol
    search.
    
    See ‘Writing portable packages’ in the ‘Writing R Extensions’ manual.
Flavors: r-devel-linux-x86_64-fedora-clang, r-devel-linux-x86_64-fedora-gcc