Last updated on 2023-02-05 23:59:01 CET.
Flavor | Version | Tinstall | Tcheck | Ttotal | Status | Flags |
---|---|---|---|---|---|---|
r-devel-linux-x86_64-debian-clang | 0.2.0 | 5.78 | 99.24 | 105.02 | OK | |
r-devel-linux-x86_64-debian-gcc | 0.2.0 | 3.73 | 73.61 | 77.34 | OK | |
r-devel-linux-x86_64-fedora-clang | 0.2.0 | 135.09 | NOTE | |||
r-devel-linux-x86_64-fedora-gcc | 0.2.0 | 133.58 | OK | |||
r-devel-windows-x86_64 | 0.2.0 | 31.00 | 124.00 | 155.00 | OK | |
r-patched-linux-x86_64 | 0.2.0 | 5.93 | 95.60 | 101.53 | OK | |
r-release-linux-x86_64 | 0.2.0 | 5.81 | 94.89 | 100.70 | OK | |
r-release-macos-arm64 | 0.2.0 | 38.00 | OK | |||
r-release-macos-x86_64 | 0.2.0 | 51.00 | OK | |||
r-release-windows-x86_64 | 0.2.0 | 30.00 | 130.00 | 160.00 | OK | |
r-oldrel-macos-arm64 | 0.2.0 | 37.00 | OK | |||
r-oldrel-macos-x86_64 | 0.2.0 | 52.00 | OK | |||
r-oldrel-windows-ix86+x86_64 | 0.2.0 | 15.00 | 117.00 | 132.00 | OK |
Version: 0.2.0
Check: Rd cross-references
Result: NOTE
Undeclared packages ‘raster’, ‘terra’ in Rd xrefs
Flavor: r-devel-linux-x86_64-fedora-clang