CRAN Package Check Results for Package wcde

Last updated on 2021-09-24 16:50:22 CEST.

Flavor Version Tinstall Tcheck Ttotal Status Flags
r-devel-linux-x86_64-debian-clang 0.0.2 8.69 54.52 63.21 OK
r-devel-linux-x86_64-debian-gcc 0.0.2 8.42 43.35 51.77 OK
r-devel-linux-x86_64-fedora-clang 0.0.2 89.98 NOTE
r-devel-linux-x86_64-fedora-gcc 0.0.2 79.70 NOTE
r-devel-windows-x86_64 0.0.2 14.00 65.00 79.00 OK
r-devel-windows-x86_64-gcc10-UCRT 0.0.2 NOTE
r-patched-linux-x86_64 0.0.2 9.52 52.53 62.05 OK
r-patched-solaris-x86 0.0.2 142.60 NOTE
r-release-linux-x86_64 0.0.2 9.28 53.63 62.91 OK
r-release-macos-arm64 0.0.2 NOTE
r-release-macos-x86_64 0.0.2 NOTE
r-release-windows-ix86+x86_64 0.0.2 23.00 75.00 98.00 OK
r-oldrel-macos-x86_64 0.0.2 NOTE
r-oldrel-windows-ix86+x86_64 0.0.2 18.00 68.00 86.00 OK

Check Details

Version: 0.0.2
Check: dependencies in R code
Result: NOTE
    Namespaces in Imports field not imported from:
     ‘lemon’ ‘tidyverse’
     All declared Imports should be used.
Flavors: r-devel-linux-x86_64-fedora-clang, r-devel-linux-x86_64-fedora-gcc, r-devel-windows-x86_64-gcc10-UCRT, r-patched-solaris-x86, r-release-macos-arm64, r-release-macos-x86_64, r-oldrel-macos-x86_64

Version: 0.0.2
Check: data for non-ASCII characters
Result: NOTE
     Note: found 4413 marked UTF-8 strings
Flavors: r-devel-linux-x86_64-fedora-clang, r-devel-linux-x86_64-fedora-gcc, r-devel-windows-x86_64-gcc10-UCRT, r-patched-solaris-x86, r-release-macos-arm64, r-release-macos-x86_64, r-oldrel-macos-x86_64