CRAN Package Check Results for Package webchem

Last updated on 2019-04-24 13:54:58 CEST.

Flavor Version Tinstall Tcheck Ttotal Status Flags
r-devel-linux-x86_64-debian-clang 0.4.0 4.57 41.68 46.25 OK
r-devel-linux-x86_64-debian-gcc 0.4.0 4.13 33.02 37.15 OK
r-devel-linux-x86_64-fedora-clang 0.4.0 54.63 OK
r-devel-linux-x86_64-fedora-gcc 0.4.0 52.61 OK
r-devel-windows-ix86+x86_64 0.4.0 17.00 56.00 73.00 OK
r-patched-linux-x86_64 0.4.0 4.70 41.43 46.13 OK
r-patched-solaris-x86 0.4.0 86.30 NOTE
r-release-linux-x86_64 0.4.0 3.78 39.04 42.82 OK
r-release-windows-ix86+x86_64 0.4.0 6.00 73.00 79.00 OK
r-release-osx-x86_64 0.4.0 OK
r-oldrel-windows-ix86+x86_64 0.4.0 7.00 73.00 80.00 OK
r-oldrel-osx-x86_64 0.4.0 OK

Check Details

Version: 0.4.0
Check: package dependencies
Result: NOTE
    Package suggested but not available for checking: ‘rcdk’
Flavor: r-patched-solaris-x86