CRAN Package Check Results for Package webchem

Last updated on 2019-07-22 13:47:09 CEST.

Flavor Version Tinstall Tcheck Ttotal Status Flags
r-devel-linux-x86_64-debian-clang 0.4.0 4.53 41.32 45.85 OK
r-devel-linux-x86_64-debian-gcc 0.4.0 4.10 32.99 37.09 OK
r-devel-linux-x86_64-fedora-clang 0.4.0 57.81 OK
r-devel-linux-x86_64-fedora-gcc 0.4.0 61.22 OK
r-devel-windows-ix86+x86_64 0.4.0 10.00 87.00 97.00 OK
r-patched-linux-x86_64 0.4.0 4.76 40.86 45.62 OK
r-patched-solaris-x86 0.4.0 89.60 NOTE
r-release-linux-x86_64 0.4.0 5.23 41.45 46.68 OK
r-release-windows-ix86+x86_64 0.4.0 11.00 57.00 68.00 OK
r-release-osx-x86_64 0.4.0 OK
r-oldrel-windows-ix86+x86_64 0.4.0 10.00 79.00 89.00 OK
r-oldrel-osx-x86_64 0.4.0 OK

Check Details

Version: 0.4.0
Check: package dependencies
Result: NOTE
    Package suggested but not available for checking: ‘rcdk’
Flavor: r-patched-solaris-x86