Last updated on 2021-02-26 13:47:24 CET.
Flavor | Version | Tinstall | Tcheck | Ttotal | Status | Flags |
---|---|---|---|---|---|---|
r-devel-linux-x86_64-debian-clang | 1.1.1 | 10.98 | 54.28 | 65.26 | OK | |
r-devel-linux-x86_64-debian-gcc | 1.1.1 | 8.50 | 42.14 | 50.64 | OK | |
r-devel-linux-x86_64-fedora-clang | 1.1.1 | 92.31 | OK | |||
r-devel-linux-x86_64-fedora-gcc | 1.1.1 | 76.08 | OK | |||
r-devel-windows-ix86+x86_64 | 1.1.1 | 27.00 | 94.00 | 121.00 | OK | |
r-patched-linux-x86_64 | 1.1.1 | 8.41 | 53.07 | 61.48 | OK | |
r-patched-solaris-x86 | 1.1.1 | 108.50 | OK | |||
r-release-linux-x86_64 | 1.1.1 | 9.47 | 53.26 | 62.73 | OK | |
r-release-macos-x86_64 | 1.1.1 | OK | ||||
r-release-windows-ix86+x86_64 | 1.1.1 | 40.00 | 120.00 | 160.00 | OK | |
r-oldrel-macos-x86_64 | 1.1.1 | ERROR | ||||
r-oldrel-windows-ix86+x86_64 | 1.1.1 | 23.00 | 111.00 | 134.00 | OK |
Version: 1.1.1
Check: whether package can be installed
Result: ERROR
Installation failed.
Flavor: r-oldrel-macos-x86_64