CRAN Package Check Results for Package webglobe

Last updated on 2021-05-05 23:48:55 CEST.

Flavor Version Tinstall Tcheck Ttotal Status Flags
r-devel-linux-x86_64-debian-clang 1.0.3 8.03 77.78 85.81 OK
r-devel-linux-x86_64-debian-gcc 1.0.3 6.67 60.45 67.12 OK
r-devel-linux-x86_64-fedora-clang 1.0.3 114.65 NOTE
r-devel-linux-x86_64-fedora-gcc 1.0.3 102.67 OK
r-devel-windows-ix86+x86_64 1.0.3 45.00 12.00 57.00 ERROR
r-devel-windows-x86_64-gcc10-UCRT 1.0.3 OK
r-patched-linux-x86_64 1.0.3 8.32 74.07 82.39 OK
r-patched-solaris-x86 1.0.3 167.60 NOTE
r-release-linux-x86_64 1.0.3 6.31 73.77 80.08 OK
r-release-macos-x86_64 1.0.3 NOTE
r-release-windows-ix86+x86_64 1.0.3 27.00 105.00 132.00 NOTE
r-oldrel-macos-x86_64 1.0.3 NOTE
r-oldrel-windows-ix86+x86_64 1.0.3 34.00 113.00 147.00 ERROR

Check Details

Version: 1.0.3
Check: installed package size
Result: NOTE
     installed size is 10.8Mb
     sub-directories of 1Mb or more:
     client 9.6Mb
     doc 1.0Mb
Flavors: r-devel-linux-x86_64-fedora-clang, r-patched-solaris-x86, r-release-macos-x86_64, r-release-windows-ix86+x86_64, r-oldrel-macos-x86_64, r-oldrel-windows-ix86+x86_64

Version: 1.0.3
Check: whether package can be installed
Result: ERROR
    Installation failed.
Flavor: r-devel-windows-ix86+x86_64

Version: 1.0.3
Check: re-building of vignette outputs
Result: WARN
    Error(s) in re-building vignettes:
    --- re-building 'webglobe.Rmd' using rmarkdown
    pandoc.exe: pandoc8a6c4b2f27cd.html: hClose: resource exhausted (No space left on device)
    Error: processing vignette 'webglobe.Rmd' failed with diagnostics:
    pandoc document conversion failed with error 1
    --- failed re-building 'webglobe.Rmd'
    
    SUMMARY: processing the following file failed:
     'webglobe.Rmd'
    
    Error: Vignette re-building failed.
    Execution halted
Flavor: r-oldrel-windows-ix86+x86_64

Version: 1.0.3
Check: PDF version of manual
Result: ERROR
    Rd conversion errors:
    Error in writeLines(readLines(f), outcon) : Error writing to connection
Flavor: r-oldrel-windows-ix86+x86_64