CRAN Package Check Results for Package webglobe

Last updated on 2024-06-13 15:48:43 CEST.

Flavor Version Tinstall Tcheck Ttotal Status Flags
r-devel-linux-x86_64-debian-clang 1.0.3 12.21 67.13 79.34 OK
r-devel-linux-x86_64-debian-gcc 1.0.3 1.17 1.94 3.11 ERROR
r-devel-linux-x86_64-fedora-clang 1.0.3 95.48 NOTE
r-devel-linux-x86_64-fedora-gcc 1.0.3 103.36 OK
r-devel-windows-x86_64 1.0.3 10.00 69.00 79.00 NOTE
r-patched-linux-x86_64 1.0.3 10.31 66.11 76.42 OK
r-release-linux-x86_64 1.0.3 6.70 66.67 73.37 OK
r-release-macos-arm64 1.0.3 34.00 NOTE
r-release-macos-x86_64 1.0.3 52.00 NOTE
r-release-windows-x86_64 1.0.3 13.00 72.00 85.00 NOTE
r-oldrel-macos-arm64 1.0.3 40.00 NOTE
r-oldrel-macos-x86_64 1.0.3 64.00 NOTE
r-oldrel-windows-x86_64 1.0.3 13.00 77.00 90.00 NOTE

Check Details

Version: 1.0.3
Check: package dependencies
Result: ERROR Package required but not available: ‘geojsonio’ See section ‘The DESCRIPTION file’ in the ‘Writing R Extensions’ manual. Flavor: r-devel-linux-x86_64-debian-gcc

Version: 1.0.3
Check: installed package size
Result: NOTE installed size is 10.8Mb sub-directories of 1Mb or more: client 9.6Mb doc 1.0Mb Flavors: r-devel-linux-x86_64-fedora-clang, r-devel-windows-x86_64, r-release-macos-arm64, r-release-macos-x86_64, r-release-windows-x86_64, r-oldrel-macos-arm64, r-oldrel-macos-x86_64, r-oldrel-windows-x86_64