CRAN Package Check Results for Package webreadr

Last updated on 2024-02-21 11:56:40 CET.

Flavor Version Tinstall Tcheck Ttotal Status Flags
r-devel-linux-x86_64-debian-clang 0.4.0 NOTE
r-devel-linux-x86_64-debian-gcc 0.4.0 19.68 38.90 58.58 NOTE
r-devel-linux-x86_64-fedora-clang 0.4.0 102.91 NOTE
r-devel-linux-x86_64-fedora-gcc 0.4.0 111.49 NOTE
r-devel-windows-x86_64 0.4.0 21.00 78.00 99.00 NOTE
r-patched-linux-x86_64 0.4.0 16.61 49.60 66.21 NOTE
r-release-linux-x86_64 0.4.0 17.08 48.38 65.46 NOTE
r-release-macos-arm64 0.4.0 38.00 NOTE
r-release-macos-x86_64 0.4.0 56.00 NOTE
r-release-windows-x86_64 0.4.0 27.00 87.00 114.00 NOTE
r-oldrel-macos-arm64 0.4.0 26.00 OK
r-oldrel-windows-x86_64 0.4.0 25.00 87.00 112.00 NOTE

Check Details

Version: 0.4.0
Check: package dependencies
Result: NOTE Packages suggested but not available for checking: 'iptools', 'rgeolocate' Flavors: r-devel-linux-x86_64-debian-clang, r-devel-linux-x86_64-debian-gcc, r-devel-linux-x86_64-fedora-clang, r-devel-linux-x86_64-fedora-gcc, r-devel-windows-x86_64, r-patched-linux-x86_64, r-release-linux-x86_64, r-release-macos-arm64, r-release-macos-x86_64, r-release-windows-x86_64, r-oldrel-windows-x86_64

Version: 0.4.0
Check: Rd files
Result: NOTE checkRd: (-1) read_aws.Rd:29: Lost braces in \itemize; meant \describe ? checkRd: (-1) read_aws.Rd:30-31: Lost braces in \itemize; meant \describe ? checkRd: (-1) read_aws.Rd:32-33: Lost braces in \itemize; meant \describe ? checkRd: (-1) read_aws.Rd:34-35: Lost braces in \itemize; meant \describe ? checkRd: (-1) read_aws.Rd:36: Lost braces in \itemize; meant \describe ? checkRd: (-1) read_aws.Rd:37: Lost braces in \itemize; meant \describe ? checkRd: (-1) read_aws.Rd:38: Lost braces in \itemize; meant \describe ? checkRd: (-1) read_aws.Rd:39: Lost braces in \itemize; meant \describe ? checkRd: (-1) read_aws.Rd:40: Lost braces in \itemize; meant \describe ? checkRd: (-1) read_aws.Rd:41: Lost braces in \itemize; meant \describe ? checkRd: (-1) read_aws.Rd:42: Lost braces in \itemize; meant \describe ? checkRd: (-1) read_aws.Rd:43-44: Lost braces in \itemize; meant \describe ? checkRd: (-1) read_aws.Rd:45-46: Lost braces in \itemize; meant \describe ? checkRd: (-1) read_aws.Rd:47-49: Lost braces in \itemize; meant \describe ? checkRd: (-1) read_aws.Rd:50: Lost braces in \itemize; meant \describe ? checkRd: (-1) read_aws.Rd:51-53: Lost braces in \itemize; meant \describe ? checkRd: (-1) read_aws.Rd:54: Lost braces in \itemize; meant \describe ? checkRd: (-1) read_aws.Rd:55: Lost braces in \itemize; meant \describe ? checkRd: (-1) read_aws.Rd:56-57: Lost braces in \itemize; meant \describe ? checkRd: (-1) read_clf.Rd:27-28: Lost braces in \itemize; meant \describe ? checkRd: (-1) read_clf.Rd:29-30: Lost braces in \itemize; meant \describe ? checkRd: (-1) read_clf.Rd:31: Lost braces in \itemize; meant \describe ? checkRd: (-1) read_clf.Rd:32-34: Lost braces in \itemize; meant \describe ? checkRd: (-1) read_clf.Rd:35-36: Lost braces in \itemize; meant \describe ? checkRd: (-1) read_clf.Rd:37: Lost braces in \itemize; meant \describe ? checkRd: (-1) read_clf.Rd:38: Lost braces in \itemize; meant \describe ? checkRd: (-1) read_combined.Rd:25: Lost braces in \itemize; meant \describe ? checkRd: (-1) read_combined.Rd:26: Lost braces in \itemize; meant \describe ? checkRd: (-1) read_s3.Rd:24: Lost braces in \itemize; meant \describe ? checkRd: (-1) read_s3.Rd:25: Lost braces in \itemize; meant \describe ? checkRd: (-1) read_s3.Rd:26-27: Lost braces in \itemize; meant \describe ? checkRd: (-1) read_s3.Rd:28: Lost braces in \itemize; meant \describe ? checkRd: (-1) read_s3.Rd:29-30: Lost braces in \itemize; meant \describe ? checkRd: (-1) read_s3.Rd:31: Lost braces in \itemize; meant \describe ? checkRd: (-1) read_s3.Rd:32-33: Lost braces in \itemize; meant \describe ? checkRd: (-1) read_s3.Rd:34-36: Lost braces in \itemize; meant \describe ? checkRd: (-1) read_s3.Rd:37: Lost braces in \itemize; meant \describe ? checkRd: (-1) read_s3.Rd:38-40: Lost braces in \itemize; meant \describe ? checkRd: (-1) read_s3.Rd:41: Lost braces in \itemize; meant \describe ? checkRd: (-1) read_s3.Rd:42: Lost braces in \itemize; meant \describe ? checkRd: (-1) read_s3.Rd:43-44: Lost braces in \itemize; meant \describe ? checkRd: (-1) read_s3.Rd:45-46: Lost braces in \itemize; meant \describe ? checkRd: (-1) read_s3.Rd:47: Lost braces in \itemize; meant \describe ? checkRd: (-1) read_s3.Rd:48: Lost braces in \itemize; meant \describe ? checkRd: (-1) read_s3.Rd:49-50: Lost braces in \itemize; meant \describe ? checkRd: (-1) read_squid.Rd:27-30: Lost braces in \itemize; meant \describe ? checkRd: (-1) read_squid.Rd:33: Lost braces in \itemize; meant \describe ? checkRd: (-1) read_squid.Rd:34-35: Lost braces in \itemize; meant \describe ? checkRd: (-1) read_squid.Rd:36: Lost braces in \itemize; meant \describe ? checkRd: (-1) read_squid.Rd:37: Lost braces in \itemize; meant \describe ? checkRd: (-1) read_squid.Rd:38: Lost braces in \itemize; meant \describe ? checkRd: (-1) read_squid.Rd:39-40: Lost braces in \itemize; meant \describe ? checkRd: (-1) read_squid.Rd:41-42: Lost braces in \itemize; meant \describe ? Flavors: r-devel-linux-x86_64-debian-clang, r-devel-linux-x86_64-debian-gcc

Version: 0.4.0
Check: compiled code
Result: NOTE File ‘webreadr/libs/webreadr.so’: Found no calls to: ‘R_registerRoutines’, ‘R_useDynamicSymbols’ It is good practice to register native routines and to disable symbol search. See ‘Writing portable packages’ in the ‘Writing R Extensions’ manual. Flavors: r-devel-linux-x86_64-fedora-clang, r-devel-linux-x86_64-fedora-gcc