CRAN Package Check Results for Package websearchr

Last updated on 2024-04-15 19:56:16 CEST.

Flavor Version Tinstall Tcheck Ttotal Status Flags
r-devel-linux-x86_64-debian-clang 0.0.3 2.34 22.48 24.82 NOTE
r-devel-linux-x86_64-debian-gcc 0.0.3 1.57 17.38 18.95 NOTE
r-devel-linux-x86_64-fedora-clang 0.0.3 31.92 NOTE
r-devel-linux-x86_64-fedora-gcc 0.0.3 29.97 NOTE
r-prerel-macos-arm64 0.0.3 20.00 NOTE
r-prerel-windows-x86_64 0.0.3 3.00 41.00 44.00 NOTE
r-patched-linux-x86_64 0.0.3 2.28 21.97 24.25 NOTE
r-release-linux-x86_64 0.0.3 1.65 21.92 23.57 NOTE
r-release-macos-arm64 0.0.3 21.00 NOTE
r-release-macos-x86_64 0.0.3 27.00 NOTE
r-release-windows-x86_64 0.0.3 4.00 42.00 46.00 NOTE
r-oldrel-macos-arm64 0.0.3 20.00 NOTE
r-oldrel-windows-x86_64 0.0.3 7.00 47.00 54.00 NOTE

Check Details

Version: 0.0.3
Check: LazyData
Result: NOTE 'LazyData' is specified without a 'data' directory Flavors: r-devel-linux-x86_64-debian-clang, r-devel-linux-x86_64-debian-gcc, r-devel-linux-x86_64-fedora-clang, r-devel-linux-x86_64-fedora-gcc, r-prerel-macos-arm64, r-prerel-windows-x86_64, r-patched-linux-x86_64, r-release-linux-x86_64, r-release-macos-arm64, r-release-macos-x86_64, r-release-windows-x86_64, r-oldrel-macos-arm64, r-oldrel-windows-x86_64