CRAN Package Check Results for Package websocket

Last updated on 2019-08-24 02:48:46 CEST.

Flavor Version Tinstall Tcheck Ttotal Status Flags
r-devel-linux-x86_64-debian-clang 1.1.0 64.00 26.80 90.80 NOTE
r-devel-linux-x86_64-debian-gcc 1.1.0 63.31 22.01 85.32 NOTE
r-devel-linux-x86_64-fedora-clang 1.1.0 135.18 NOTE
r-devel-linux-x86_64-fedora-gcc 1.1.0 156.83 NOTE
r-devel-windows-ix86+x86_64 1.1.0 243.00 98.00 341.00 NOTE
r-patched-linux-x86_64 1.1.0 68.73 26.68 95.41 NOTE
r-patched-solaris-x86 1.1.0 120.50 ERROR
r-release-linux-x86_64 1.1.0 60.26 27.10 87.36 NOTE
r-release-windows-ix86+x86_64 1.1.0 325.00 205.00 530.00 ERROR
r-release-osx-x86_64 1.1.0 NOTE
r-oldrel-windows-ix86+x86_64 1.1.0 315.00 129.00 444.00 NOTE
r-oldrel-osx-x86_64 1.1.0 NOTE

Check Details

Version: 1.1.0
Check: for GNU extensions in Makefiles
Result: NOTE
    GNU make is a SystemRequirements.
Flavors: r-devel-linux-x86_64-debian-clang, r-devel-linux-x86_64-debian-gcc, r-devel-linux-x86_64-fedora-clang, r-devel-linux-x86_64-fedora-gcc, r-devel-windows-ix86+x86_64, r-patched-linux-x86_64, r-patched-solaris-x86, r-release-linux-x86_64, r-release-windows-ix86+x86_64, r-release-osx-x86_64, r-oldrel-windows-ix86+x86_64, r-oldrel-osx-x86_64

Version: 1.1.0
Check: installed package size
Result: NOTE
     installed size is 17.1Mb
     sub-directories of 1Mb or more:
     libs 16.8Mb
Flavors: r-devel-linux-x86_64-fedora-clang, r-devel-windows-ix86+x86_64, r-release-windows-ix86+x86_64, r-release-osx-x86_64, r-oldrel-windows-ix86+x86_64, r-oldrel-osx-x86_64

Version: 1.1.0
Check: dependencies in R code
Result: NOTE
    Namespaces in Imports field not imported from:
     ‘R6’ ‘later’
     All declared Imports should be used.
Flavors: r-devel-linux-x86_64-fedora-clang, r-devel-linux-x86_64-fedora-gcc, r-patched-solaris-x86, r-release-osx-x86_64, r-oldrel-osx-x86_64

Version: 1.1.0
Check: tests
Result: ERROR
     Running ‘testthat.R’ [4s/28s]
    Running the tests in ‘tests/testthat.R’ failed.
    Complete output:
     > library(testthat)
     > library(websocket)
     >
     > test_check("websocket")
     [2019-08-09 04:21:43] [info] Error getting remote endpoint: asio.system:9 (Bad file number)
     [2019-08-09 04:21:43] [info] asio async_shutdown error: asio.system:9 (Bad file number)
     [2019-08-09 04:21:43] [error] handle_connect error: Timer Expired
     ── 1. Failure: small maxMessageSizes break simple connections (@test-client.R#68
     ws$readyState() not equivalent to 1.
     1/1 mismatches
     [1] 3 - 1 == 2
    
     ── 2. Failure: small maxMessageSizes break simple connections (@test-client.R#69
     `state` not identical to "open".
     1/1 mismatches
     x[1]: "failed"
     y[1]: "open"
    
     ── 3. Error: small maxMessageSizes break simple connections (@test-client.R#71)
     invalid state
     1: ws$send("hello") at testthat/test-client.R:71
     2: wsSend(private$wsObj, msg)
    
     [2019-08-09 04:21:48] [info] Error getting remote endpoint: asio.system:9 (Bad file number)
     [2019-08-09 04:21:48] [info] asio async_shutdown error: asio.system:9 (Bad file number)
     [2019-08-09 04:21:48] [error] handle_connect error: Timer Expired
     ── 4. Failure: Basic websocket communication (@test-client.R#146) ─────────────
     ws$readyState() not equivalent to 1.
     1/1 mismatches
     [1] 3 - 1 == 2
    
     ── 5. Failure: Basic websocket communication (@test-client.R#146) ─────────────
     `state` not identical to "open".
     1/1 mismatches
     x[1]: "failed"
     y[1]: "open"
    
     ── 6. Error: Basic websocket communication (@test-client.R#146) ───────────────
     invalid state
     1: check_ws("ws://echo.websocket.org/") at testthat/test-client.R:146
     2: ws$send("hello") at testthat/test-client.R:116
     3: wsSend(private$wsObj, msg)
    
     [2019-08-09 04:21:59] [info] Error getting remote endpoint: asio.system:9 (Bad file number)
     [2019-08-09 04:21:59] [info] asio async_shutdown error: asio.system:9 (Bad file number)
     [2019-08-09 04:21:59] [error] handle_connect error: Timer Expired
     ══ testthat results ═══════════════════════════════════════════════════════════
     [ OK: 33 | SKIPPED: 0 | WARNINGS: 0 | FAILED: 6 ]
     1. Failure: small maxMessageSizes break simple connections (@test-client.R#68)
     2. Failure: small maxMessageSizes break simple connections (@test-client.R#69)
     3. Error: small maxMessageSizes break simple connections (@test-client.R#71)
     4. Failure: Basic websocket communication (@test-client.R#146)
     5. Failure: Basic websocket communication (@test-client.R#146)
     6. Error: Basic websocket communication (@test-client.R#146)
    
     Error: testthat unit tests failed
     Execution halted
Flavor: r-patched-solaris-x86

Version: 1.1.0
Check: running tests for arch ‘i386’
Result: ERROR
     Running 'testthat.R' [23s]
    Running the tests in 'tests/testthat.R' failed.
    Complete output:
     > library(testthat)
     > library(websocket)
     >
     > test_check("websocket")
     [2019-08-21 08:15:31] [info] Error getting remote endpoint: asio.system:10009 (Das angegebene Dateihandle ist ungültig.)
     [2019-08-21 08:15:31] [info] asio async_shutdown error: asio.system:10009 (Das angegebene Dateihandle ist ungültig.)
     [2019-08-21 08:15:31] [error] handle_connect error: Timer Expired
     -- 1. Failure: small maxMessageSizes break simple connections (@test-client.R#68
     ws$readyState() not equivalent to 1.
     1/1 mismatches
     [1] 3 - 1 == 2
    
     -- 2. Failure: small maxMessageSizes break simple connections (@test-client.R#69
     `state` not identical to "open".
     1/1 mismatches
     x[1]: "failed"
     y[1]: "open"
    
     -- 3. Error: small maxMessageSizes break simple connections (@test-client.R#71)
     invalid state
     1: ws$send("hello") at testthat/test-client.R:71
     2: wsSend(private$wsObj, msg)
    
     [2019-08-21 08:15:41] [info] Error getting remote endpoint: asio.system:10009 (Das angegebene Dateihandle ist ungültig.)
     [2019-08-21 08:15:41] [info] asio async_shutdown error: asio.system:10009 (Das angegebene Dateihandle ist ungültig.)
     [2019-08-21 08:15:41] [error] handle_connect error: Timer Expired
     [2019-08-21 08:15:48] [error] handle_transport_init received error: TLS handshake timed out
     [2019-08-21 08:15:48] [info] asio async_shutdown error: asio.ssl:336462231 (shutdown while in init)
     -- 4. Failure: Basic ssl websocket communication (@test-client.R#277) ---------
     ws$readyState() not equivalent to 1.
     1/1 mismatches
     [1] 3 - 1 == 2
    
     -- 5. Failure: Basic ssl websocket communication (@test-client.R#277) ---------
     `state` not identical to "open".
     1/1 mismatches
     x[1]: "failed"
     y[1]: "open"
    
     -- 6. Error: Basic ssl websocket communication (@test-client.R#277) -----------
     invalid state
     1: check_ws("wss://echo.websocket.org/") at testthat/test-client.R:277
     2: ws$send("hello") at testthat/test-client.R:116
     3: wsSend(private$wsObj, msg)
    
     == testthat results ===========================================================
     [ OK: 33 | SKIPPED: 0 | WARNINGS: 0 | FAILED: 6 ]
     1. Failure: small maxMessageSizes break simple connections (@test-client.R#68)
     2. Failure: small maxMessageSizes break simple connections (@test-client.R#69)
     3. Error: small maxMessageSizes break simple connections (@test-client.R#71)
     4. Failure: Basic ssl websocket communication (@test-client.R#277)
     5. Failure: Basic ssl websocket communication (@test-client.R#277)
     6. Error: Basic ssl websocket communication (@test-client.R#277)
    
     Error: testthat unit tests failed
     Execution halted
Flavor: r-release-windows-ix86+x86_64