CRAN Package Check Results for Package webtrackR

Last updated on 2023-05-28 00:56:32 CEST.

Flavor Version Tinstall Tcheck Ttotal Status Flags
r-devel-linux-x86_64-debian-clang 0.0.1 2.95 46.42 49.37 OK
r-devel-linux-x86_64-debian-gcc 0.0.1 3.05 31.11 34.16 OK
r-devel-linux-x86_64-fedora-clang 0.0.1 57.82 NOTE
r-devel-linux-x86_64-fedora-gcc 0.0.1 51.08 NOTE
r-devel-windows-x86_64 0.0.1 6.00 57.00 63.00 OK
r-patched-linux-x86_64 0.0.1 7.05 38.69 45.74 OK
r-release-linux-x86_64 0.0.1 3.57 37.87 41.44 OK
r-release-macos-arm64 0.0.1 21.00 OK
r-release-macos-x86_64 0.0.1 30.00 OK
r-release-windows-x86_64 0.0.1 5.00 58.00 63.00 OK
r-oldrel-macos-arm64 0.0.1 26.00 OK
r-oldrel-macos-x86_64 0.0.1 31.00 OK
r-oldrel-windows-x86_64 0.0.1 6.00 59.00 65.00 OK

Check Details

Version: 0.0.1
Check: data for non-ASCII characters
Result: NOTE
     Note: found 14 marked UTF-8 strings
Flavors: r-devel-linux-x86_64-fedora-clang, r-devel-linux-x86_64-fedora-gcc