CRAN Package Check Results for Package weightedZdiff

Last updated on 2024-02-23 10:51:43 CET.

Flavor Version Tinstall Tcheck Ttotal Status Flags
r-devel-linux-x86_64-debian-clang 0.1.0 NOTE
r-devel-linux-x86_64-debian-gcc 0.1.0 2.81 33.76 36.57 NOTE
r-devel-linux-x86_64-fedora-clang 0.1.0 57.92 NOTE
r-devel-linux-x86_64-fedora-gcc 0.1.0 56.17 NOTE
r-devel-windows-x86_64 0.1.0 4.00 57.00 61.00 NOTE
r-patched-linux-x86_64 0.1.0 3.97 43.48 47.45 OK
r-release-linux-x86_64 0.1.0 3.75 43.27 47.02 OK
r-release-macos-arm64 0.1.0 21.00 OK
r-release-macos-x86_64 0.1.0 32.00 OK
r-release-windows-x86_64 0.1.0 5.00 60.00 65.00 OK
r-oldrel-macos-arm64 0.1.0 21.00 OK
r-oldrel-windows-x86_64 0.1.0 9.00 66.00 75.00 OK

Check Details

Version: 0.1.0
Check: Rd contents
Result: NOTE Argument items with no description in Rd file 'zdifference_ordinal.Rd': ‘na.rm’ Flavors: r-devel-linux-x86_64-debian-clang, r-devel-linux-x86_64-debian-gcc, r-devel-linux-x86_64-fedora-clang, r-devel-linux-x86_64-fedora-gcc, r-devel-windows-x86_64