CRAN Package Check Results for Package whitestrap

Last updated on 2022-11-26 07:43:37 CET.

Flavor Version Tinstall Tcheck Ttotal Status Flags
r-devel-linux-x86_64-debian-clang 0.0.1 1.97 35.81 37.78 NOTE
r-devel-linux-x86_64-debian-gcc 0.0.1 1.55 27.65 29.20 NOTE
r-devel-linux-x86_64-fedora-clang 0.0.1 57.56 NOTE
r-devel-linux-x86_64-fedora-gcc 0.0.1 57.17 NOTE
r-devel-windows-x86_64 0.0.1 21.00 63.00 84.00 NOTE
r-patched-linux-x86_64 0.0.1 NOTE
r-release-linux-x86_64 0.0.1 1.45 33.62 35.07 NOTE
r-release-macos-arm64 0.0.1 18.00 NOTE
r-release-macos-x86_64 0.0.1 25.00 NOTE
r-release-windows-x86_64 0.0.1 4.00 63.00 67.00 NOTE
r-oldrel-macos-arm64 0.0.1 21.00 NOTE
r-oldrel-macos-x86_64 0.0.1 33.00 NOTE
r-oldrel-windows-ix86+x86_64 0.0.1 6.00 57.00 63.00 NOTE

Check Details

Version: 0.0.1
Check: LazyData
Result: NOTE
     'LazyData' is specified without a 'data' directory
Flavors: r-devel-linux-x86_64-debian-clang, r-devel-linux-x86_64-debian-gcc, r-devel-linux-x86_64-fedora-clang, r-devel-linux-x86_64-fedora-gcc, r-devel-windows-x86_64, r-patched-linux-x86_64, r-release-linux-x86_64, r-release-macos-arm64, r-release-macos-x86_64, r-release-windows-x86_64, r-oldrel-macos-arm64, r-oldrel-macos-x86_64, r-oldrel-windows-ix86+x86_64