CRAN Package Check Results for Package wicket

Last updated on 2019-10-23 17:50:15 CEST.

Flavor Version Tinstall Tcheck Ttotal Status Flags
r-devel-linux-x86_64-debian-clang 0.4.0 176.15 24.84 200.99 OK
r-devel-linux-x86_64-debian-gcc 0.4.0 121.30 21.10 142.40 OK
r-devel-linux-x86_64-fedora-clang 0.4.0 256.25 NOTE
r-devel-linux-x86_64-fedora-gcc 0.4.0 258.82 OK
r-devel-windows-ix86+x86_64 0.4.0 388.00 88.00 476.00 OK
r-patched-linux-x86_64 0.4.0 130.86 25.35 156.21 OK
r-patched-solaris-x86 0.4.0 196.50 OK
r-release-linux-x86_64 0.4.0 134.47 25.44 159.91 OK
r-release-windows-ix86+x86_64 0.4.0 381.00 62.00 443.00 OK
r-release-osx-x86_64 0.4.0 NOTE
r-oldrel-windows-ix86+x86_64 0.4.0 384.00 83.00 467.00 OK
r-oldrel-osx-x86_64 0.4.0 NOTE

Check Details

Version: 0.4.0
Check: installed package size
Result: NOTE
     installed size is 15.0Mb
     sub-directories of 1Mb or more:
     libs 14.8Mb
Flavors: r-devel-linux-x86_64-fedora-clang, r-release-osx-x86_64, r-oldrel-osx-x86_64