CRAN Package Check Results for Package wicket

Last updated on 2020-05-28 17:50:21 CEST.

Flavor Version Tinstall Tcheck Ttotal Status Flags
r-devel-linux-x86_64-debian-clang 0.4.0 201.27 28.65 229.92 OK
r-devel-linux-x86_64-debian-gcc 0.4.0 140.93 22.75 163.68 OK
r-devel-linux-x86_64-fedora-clang 0.4.0 309.82 NOTE
r-devel-linux-x86_64-fedora-gcc 0.4.0 267.65 OK
r-devel-windows-ix86+x86_64 0.4.0 334.00 88.00 422.00 OK
r-patched-linux-x86_64 0.4.0 154.21 29.13 183.34 OK
r-patched-solaris-x86 0.4.0 211.90 OK
r-release-linux-x86_64 0.4.0 153.42 28.63 182.05 OK
r-release-osx-x86_64 0.4.0 NOTE
r-release-windows-ix86+x86_64 0.4.0 308.00 121.00 429.00 OK
r-oldrel-osx-x86_64 0.4.0 NOTE
r-oldrel-windows-ix86+x86_64 0.4.0 413.00 67.00 480.00 OK

Check Details

Version: 0.4.0
Check: installed package size
Result: NOTE
     installed size is 20.2Mb
     sub-directories of 1Mb or more:
     libs 20.0Mb
Flavors: r-devel-linux-x86_64-fedora-clang, r-release-osx-x86_64, r-oldrel-osx-x86_64