CRAN Package Check Results for Package widyr

Last updated on 2019-07-16 07:51:11 CEST.

Flavor Version Tinstall Tcheck Ttotal Status Flags
r-devel-linux-x86_64-debian-clang 0.1.1 8.23 101.29 109.52 NOTE
r-devel-linux-x86_64-debian-gcc 0.1.1 6.77 79.22 85.99 NOTE
r-devel-linux-x86_64-fedora-clang 0.1.1 130.33 OK
r-devel-linux-x86_64-fedora-gcc 0.1.1 125.76 OK
r-devel-windows-ix86+x86_64 0.1.1 21.00 130.00 151.00 OK
r-patched-linux-x86_64 0.1.1 7.51 96.85 104.36 OK
r-patched-solaris-x86 0.1.1 205.40 OK
r-release-linux-x86_64 0.1.1 8.07 100.36 108.43 OK
r-release-windows-ix86+x86_64 0.1.1 17.00 185.00 202.00 OK
r-release-osx-x86_64 0.1.1 OK
r-oldrel-windows-ix86+x86_64 0.1.1 14.00 161.00 175.00 OK
r-oldrel-osx-x86_64 0.1.1 OK

Check Details

Version: 0.1.1
Check: package vignettes
Result: NOTE
    Package vignette with placeholder title 'Vignette Title':
     'intro.Rmd'
Flavors: r-devel-linux-x86_64-debian-clang, r-devel-linux-x86_64-debian-gcc