CRAN Package Check Results for Package wikibooks

Last updated on 2021-10-19 09:54:32 CEST.

Flavor Version Tinstall Tcheck Ttotal Status Flags
r-devel-linux-x86_64-debian-clang 0.2 2.58 33.60 36.18 NOTE
r-devel-linux-x86_64-debian-gcc 0.2 1.94 25.14 27.08 NOTE
r-devel-linux-x86_64-fedora-clang 0.2 53.51 NOTE
r-devel-linux-x86_64-fedora-gcc 0.2 42.65 NOTE
r-devel-windows-x86_64 0.2 4.00 41.00 45.00 NOTE
r-devel-windows-x86_64-gcc10-UCRT 0.2 NOTE
r-patched-linux-x86_64 0.2 2.25 31.72 33.97 NOTE
r-patched-solaris-x86 0.2 63.20 NOTE
r-release-linux-x86_64 0.2 2.24 32.47 34.71 NOTE
r-release-macos-arm64 0.2 NOTE
r-release-macos-x86_64 0.2 NOTE
r-release-windows-ix86+x86_64 0.2 5.00 38.00 43.00 NOTE
r-oldrel-macos-x86_64 0.2 NOTE
r-oldrel-windows-ix86+x86_64 0.2 5.00 39.00 44.00 NOTE

Check Details

Version: 0.2
Check: DESCRIPTION meta-information
Result: NOTE
    Malformed Description field: should contain one or more complete sentences.
Flavors: r-devel-linux-x86_64-debian-clang, r-devel-linux-x86_64-debian-gcc, r-devel-linux-x86_64-fedora-clang, r-devel-linux-x86_64-fedora-gcc, r-devel-windows-x86_64, r-devel-windows-x86_64-gcc10-UCRT, r-patched-linux-x86_64, r-patched-solaris-x86, r-release-linux-x86_64, r-release-macos-arm64, r-release-macos-x86_64, r-release-windows-ix86+x86_64, r-oldrel-macos-x86_64, r-oldrel-windows-ix86+x86_64

Version: 0.2
Check: R code for possible problems
Result: NOTE
    Bundesliga.Mannschaft: no visible global function definition for 'data'
    Bundesliga.Mannschaft: no visible binding for global variable
     'Bundesliga'
    Bundesliga.Tabelle: no visible global function definition for 'data'
    Bundesliga.Tabelle: no visible binding for global variable 'Bundesliga'
    Bundesliga.XML: no visible global function definition for 'data'
    Bundesliga.XML: no visible binding for global variable 'Bundesliga'
    sens.spec: no visible global function definition for 'na.omit'
    Undefined global functions or variables:
     Bundesliga data na.omit
    Consider adding
     importFrom("stats", "na.omit")
     importFrom("utils", "data")
    to your NAMESPACE file.
    
    Found the following calls to data() loading into the global environment:
    File 'wikibooks/R/Bundesliga.Mannschaft.R':
     data(Bundesliga)
    File 'wikibooks/R/Bundesliga.Tabelle.R':
     data(Bundesliga)
    File 'wikibooks/R/Bundesliga.XML.R':
     data(Bundesliga)
    See section 'Good practice' in '?data'.
Flavors: r-devel-linux-x86_64-debian-clang, r-devel-linux-x86_64-debian-gcc, r-devel-linux-x86_64-fedora-clang, r-patched-linux-x86_64, r-release-linux-x86_64

Version: 0.2
Check: for non-standard things in the check directory
Result: NOTE
    Found the following files/directories:
     'Bundesliga.xml' 'myfile.xml'
Flavors: r-devel-linux-x86_64-debian-clang, r-devel-linux-x86_64-debian-gcc, r-devel-linux-x86_64-fedora-clang, r-devel-linux-x86_64-fedora-gcc, r-patched-linux-x86_64, r-patched-solaris-x86, r-release-linux-x86_64

Version: 0.2
Check: R code for possible problems
Result: NOTE
    Bundesliga.Mannschaft: no visible global function definition for ‘data’
    Bundesliga.Mannschaft: no visible binding for global variable
     ‘Bundesliga’
    Bundesliga.Tabelle: no visible global function definition for ‘data’
    Bundesliga.Tabelle: no visible binding for global variable ‘Bundesliga’
    Bundesliga.XML: no visible global function definition for ‘data’
    Bundesliga.XML: no visible binding for global variable ‘Bundesliga’
    sens.spec: no visible global function definition for ‘na.omit’
    Undefined global functions or variables:
     Bundesliga data na.omit
    Consider adding
     importFrom("stats", "na.omit")
     importFrom("utils", "data")
    to your NAMESPACE file.
Flavors: r-devel-linux-x86_64-fedora-gcc, r-devel-windows-x86_64, r-devel-windows-x86_64-gcc10-UCRT, r-patched-solaris-x86, r-release-macos-arm64, r-release-macos-x86_64, r-release-windows-ix86+x86_64, r-oldrel-macos-x86_64, r-oldrel-windows-ix86+x86_64