CRAN Package Check Results for Package wikitaxa

Last updated on 2021-06-13 09:49:34 CEST.

Flavor Version Tinstall Tcheck Ttotal Status Flags
r-devel-linux-x86_64-debian-clang 0.4.0 3.36 31.84 35.20 OK
r-devel-linux-x86_64-debian-gcc 0.4.0 2.69 24.71 27.40 OK
r-devel-linux-x86_64-fedora-clang 0.4.0 51.09 NOTE
r-devel-linux-x86_64-fedora-gcc 0.4.0 41.07 OK
r-devel-windows-x86_64 0.4.0 6.00 77.00 83.00 OK
r-devel-windows-x86_64-gcc10-UCRT 0.4.0 OK
r-patched-linux-x86_64 0.4.0 2.99 30.73 33.72 OK
r-patched-solaris-x86 0.4.0 62.30 OK
r-release-linux-x86_64 0.4.0 3.14 31.11 34.25 OK
r-release-macos-arm64 0.4.0 OK
r-release-macos-x86_64 0.4.0 OK
r-release-windows-ix86+x86_64 0.4.0 9.00 52.00 61.00 OK
r-oldrel-macos-x86_64 0.4.0 OK
r-oldrel-windows-ix86+x86_64 0.4.0 9.00 111.00 120.00 OK

Check Details

Version: 0.4.0
Check: Rd cross-references
Result: NOTE
    Undeclared package ‘httr’ in Rd xrefs
Flavor: r-devel-linux-x86_64-fedora-clang