CRAN Package Check Results for Package wildcard

Last updated on 2019-03-24 04:47:33 CET.

Flavor Version Tinstall Tcheck Ttotal Status Flags
r-devel-linux-x86_64-debian-clang 1.1.0 1.52 21.70 23.22 OK
r-devel-linux-x86_64-debian-gcc 1.1.0 1.31 17.61 18.92 OK
r-devel-linux-x86_64-fedora-clang 1.1.0 29.38 OK
r-devel-linux-x86_64-fedora-gcc 1.1.0 27.90 OK
r-devel-windows-ix86+x86_64 1.1.0 5.00 49.00 54.00 OK
r-patched-linux-x86_64 1.1.0 0.74 20.58 21.32 OK
r-patched-solaris-x86 1.1.0 41.30 OK
r-release-linux-x86_64 1.1.0 0.24 2.14 2.38 ERROR
r-release-windows-ix86+x86_64 1.1.0 2.00 36.00 38.00 OK
r-release-osx-x86_64 1.1.0 OK
r-oldrel-windows-ix86+x86_64 1.1.0 2.00 51.00 53.00 OK
r-oldrel-osx-x86_64 1.1.0 OK

Check Details

Version: 1.1.0
Check: whether package can be installed
Result: ERROR
    Installation failed.
Flavor: r-release-linux-x86_64