CRAN Package Check Results for Package wilson

Last updated on 2019-05-26 12:46:55 CEST.

Flavor Version Tinstall Tcheck Ttotal Status Flags
r-devel-linux-x86_64-debian-clang 2.0.2 8.14 76.42 84.56 OK
r-devel-linux-x86_64-debian-gcc 2.0.2 5.50 59.29 64.79 OK
r-devel-linux-x86_64-fedora-clang 2.0.2 96.58 OK
r-devel-linux-x86_64-fedora-gcc 2.0.2 92.20 OK
r-devel-windows-ix86+x86_64 2.0.2 19.00 127.00 146.00 OK
r-patched-linux-x86_64 2.0.2 OK
r-patched-solaris-x86 2.0.2 134.40 OK
r-release-linux-x86_64 2.0.2 9.44 71.88 81.32 ERROR
r-release-windows-ix86+x86_64 2.0.2 26.00 123.00 149.00 OK
r-release-osx-x86_64 2.0.2 ERROR
r-oldrel-windows-ix86+x86_64 2.0.2 16.00 85.00 101.00 OK
r-oldrel-osx-x86_64 2.0.2 OK

Check Details

Version: 2.0.2
Check: package dependencies
Result: NOTE
    Package suggested but not available for checking: ‘vdiffr’
Flavor: r-release-linux-x86_64

Version: 2.0.2
Check: tests
Result: ERROR
     Running ‘testthat.R’ [12s/13s]
    Running the tests in ‘tests/testthat.R’ failed.
    Complete output:
     > library(testthat)
     > library(wilson)
    
     Attaching package: 'wilson'
    
     The following object is masked from 'package:stats':
    
     heatmap
    
     >
     > test_check("wilson")
     adding: plotc0f71b28c79.pdf (deflated 8%)
     adding: plotc0f7f2eb85b.png (deflated 29%)
     adding: plot_objectc0f59cc2465.RData (deflated 0%)
     adding: plotc0f32b9557f.pdf (deflated 7%)
     adding: plotc0f2a094e7b.png (deflated 9%)
     adding: plot_objectc0f1e7e25ef.RData (deflated 1%)
     ── 1. Error: scatterplot can be created (@test-static-plots.R#7) ──────────────
     there is no package called 'vdiffr'
     1: vdiffr::expect_doppelganger at testthat/test-static-plots.R:7
     2: getExportedValue(pkg, name)
     3: asNamespace(ns)
     4: getNamespace(ns)
     5: loadNamespace(name)
     6: withRestarts(stop(cond), retry_loadNamespace = function() NULL)
     7: withOneRestart(expr, restarts[[1L]])
     8: doWithOneRestart(return(expr), restart)
    
     ── 2. Error: pca can be created (@test-static-plots.R#15) ─────────────────────
     there is no package called 'vdiffr'
     1: vdiffr::expect_doppelganger at testthat/test-static-plots.R:15
     2: getExportedValue(pkg, name)
     3: asNamespace(ns)
     4: getNamespace(ns)
     5: loadNamespace(name)
     6: withRestarts(stop(cond), retry_loadNamespace = function() NULL)
     7: withOneRestart(expr, restarts[[1L]])
     8: doWithOneRestart(return(expr), restart)
    
     ── 3. Error: heatmap can be created (@test-static-plots.R#22) ─────────────────
     there is no package called 'vdiffr'
     1: vdiffr::expect_doppelganger at testthat/test-static-plots.R:22
     2: getExportedValue(pkg, name)
     3: asNamespace(ns)
     4: getNamespace(ns)
     5: loadNamespace(name)
     6: withRestarts(stop(cond), retry_loadNamespace = function() NULL)
     7: withOneRestart(expr, restarts[[1L]])
     8: doWithOneRestart(return(expr), restart)
    
     ── 4. Error: geneview can be created (@test-static-plots.R#30) ────────────────
     there is no package called 'vdiffr'
     1: vdiffr::expect_doppelganger at testthat/test-static-plots.R:30
     2: getExportedValue(pkg, name)
     3: asNamespace(ns)
     4: getNamespace(ns)
     5: loadNamespace(name)
     6: withRestarts(stop(cond), retry_loadNamespace = function() NULL)
     7: withOneRestart(expr, restarts[[1L]])
     8: doWithOneRestart(return(expr), restart)
    
     ══ testthat results ═══════════════════════════════════════════════════════════
     OK: 57 SKIPPED: 1 WARNINGS: 4 FAILED: 4
     1. Error: scatterplot can be created (@test-static-plots.R#7)
     2. Error: pca can be created (@test-static-plots.R#15)
     3. Error: heatmap can be created (@test-static-plots.R#22)
     4. Error: geneview can be created (@test-static-plots.R#30)
    
     Error: testthat unit tests failed
     Execution halted
Flavor: r-release-linux-x86_64

Version: 2.0.2
Check: package dependencies
Result: ERROR
    Packages required but not available: 'ComplexHeatmap', 'DESeq2'
    
    See section ‘The DESCRIPTION file’ in the ‘Writing R Extensions’
    manual.
Flavor: r-release-osx-x86_64