CRAN Package Check Results for Package wilson

Last updated on 2019-03-19 00:48:24 CET.

Flavor Version Tinstall Tcheck Ttotal Status Flags
r-devel-linux-x86_64-debian-clang 2.0.2 7.65 81.45 89.10 OK
r-devel-linux-x86_64-debian-gcc 2.0.2 7.01 62.24 69.25 OK
r-devel-linux-x86_64-fedora-clang 2.0.2 100.93 OK
r-devel-linux-x86_64-fedora-gcc 2.0.2 96.64 OK
r-devel-windows-ix86+x86_64 2.0.2 27.00 123.00 150.00 OK
r-patched-linux-x86_64 2.0.2 7.95 73.49 81.44 OK
r-patched-solaris-x86 2.0.2 131.30 ERROR
r-release-linux-x86_64 2.0.2 7.37 73.63 81.00 OK
r-release-windows-ix86+x86_64 2.0.2 15.00 161.00 176.00 OK
r-release-osx-x86_64 2.0.2 OK
r-oldrel-windows-ix86+x86_64 2.0.2 14.00 136.00 150.00 OK
r-oldrel-osx-x86_64 2.0.2 OK

Check Details

Version: 2.0.2
Check: package dependencies
Result: NOTE
    Package suggested but not available for checking: ‘vdiffr’
Flavor: r-patched-solaris-x86

Version: 2.0.2
Check: tests
Result: ERROR
     Running ‘testthat.R’ [17s/17s]
    Running the tests in ‘tests/testthat.R’ failed.
    Complete output:
     > library(testthat)
     > library(wilson)
    
     Attaching package: 'wilson'
    
     The following object is masked from 'package:stats':
    
     heatmap
    
     >
     > test_check("wilson")
     adding: plot37e67e7bec.pdf (deflated 8%)
     adding: plot37e6703a75bd.png (deflated 33%)
     adding: plot_object37e6754d1e3f.RData (deflated 0%)
     adding: plot37e663605f53.pdf (deflated 7%)
     adding: plot37e63d022c5b.png (deflated 9%)
     adding: plot_object37e6705e5edc.RData (deflated 5%)
     ── 1. Error: scatterplot can be created (@test-static-plots.R#7) ──────────────
     there is no package called 'vdiffr'
     1: vdiffr::expect_doppelganger at testthat/test-static-plots.R:7
     2: getExportedValue(pkg, name)
     3: asNamespace(ns)
     4: getNamespace(ns)
     5: tryCatch(loadNamespace(name), error = function(e) stop(e))
     6: tryCatchList(expr, classes, parentenv, handlers)
     7: tryCatchOne(expr, names, parentenv, handlers[[1L]])
     8: value[[3L]](cond)
    
     ── 2. Error: pca can be created (@test-static-plots.R#15) ─────────────────────
     there is no package called 'vdiffr'
     1: vdiffr::expect_doppelganger at testthat/test-static-plots.R:15
     2: getExportedValue(pkg, name)
     3: asNamespace(ns)
     4: getNamespace(ns)
     5: tryCatch(loadNamespace(name), error = function(e) stop(e))
     6: tryCatchList(expr, classes, parentenv, handlers)
     7: tryCatchOne(expr, names, parentenv, handlers[[1L]])
     8: value[[3L]](cond)
    
     ── 3. Error: heatmap can be created (@test-static-plots.R#22) ─────────────────
     there is no package called 'vdiffr'
     1: vdiffr::expect_doppelganger at testthat/test-static-plots.R:22
     2: getExportedValue(pkg, name)
     3: asNamespace(ns)
     4: getNamespace(ns)
     5: tryCatch(loadNamespace(name), error = function(e) stop(e))
     6: tryCatchList(expr, classes, parentenv, handlers)
     7: tryCatchOne(expr, names, parentenv, handlers[[1L]])
     8: value[[3L]](cond)
    
     ── 4. Error: geneview can be created (@test-static-plots.R#30) ────────────────
     there is no package called 'vdiffr'
     1: vdiffr::expect_doppelganger at testthat/test-static-plots.R:30
     2: getExportedValue(pkg, name)
     3: asNamespace(ns)
     4: getNamespace(ns)
     5: tryCatch(loadNamespace(name), error = function(e) stop(e))
     6: tryCatchList(expr, classes, parentenv, handlers)
     7: tryCatchOne(expr, names, parentenv, handlers[[1L]])
     8: value[[3L]](cond)
    
     ══ testthat results ═══════════════════════════════════════════════════════════
     OK: 59 SKIPPED: 1 FAILED: 4
     1. Error: scatterplot can be created (@test-static-plots.R#7)
     2. Error: pca can be created (@test-static-plots.R#15)
     3. Error: heatmap can be created (@test-static-plots.R#22)
     4. Error: geneview can be created (@test-static-plots.R#30)
    
     Error: testthat unit tests failed
     Execution halted
Flavor: r-patched-solaris-x86