CRAN Package Check Results for Package windex

Last updated on 2020-03-28 21:48:03 CET.

Flavor Version Tinstall Tcheck Ttotal Status Flags
r-devel-linux-x86_64-debian-clang 1.0 NOTE
r-devel-linux-x86_64-debian-gcc 1.0 2.54 26.78 29.32 NOTE
r-devel-linux-x86_64-fedora-clang 1.0 45.89 NOTE
r-devel-linux-x86_64-fedora-gcc 1.0 43.80 NOTE
r-devel-windows-ix86+x86_64 1.0 10.00 50.00 60.00 NOTE
r-devel-windows-ix86+x86_64-gcc8 1.0 7.00 55.00 62.00 NOTE
r-patched-linux-x86_64 1.0 3.52 32.85 36.37 NOTE
r-patched-solaris-x86 1.0 72.10 NOTE
r-release-linux-x86_64 1.0 2.57 30.38 32.95 NOTE
r-release-windows-ix86+x86_64 1.0 10.00 49.00 59.00 NOTE
r-release-osx-x86_64 1.0 NOTE
r-oldrel-windows-ix86+x86_64 1.0 6.00 66.00 72.00 NOTE
r-oldrel-osx-x86_64 1.0 NOTE

Check Details

Version: 1.0
Check: R code for possible problems
Result: NOTE
    plotTrait: no visible global function definition for 'points'
    plotTrait: no visible global function definition for 'legend'
    test.windex: no visible global function definition for 'hist'
    test.windex: no visible global function definition for 'abline'
    test.windex: no visible global function definition for 'legend'
    windex: no visible global function definition for 'sd'
    windex: no visible global function definition for 'var'
    windex: no visible global function definition for 'dist'
    windex: no visible global function definition for 'quantile'
    Undefined global functions or variables:
     abline dist hist legend points quantile sd var
    Consider adding
     importFrom("graphics", "abline", "hist", "legend", "points")
     importFrom("stats", "dist", "quantile", "sd", "var")
    to your NAMESPACE file.
Flavors: r-devel-linux-x86_64-debian-clang, r-devel-linux-x86_64-debian-gcc, r-devel-linux-x86_64-fedora-clang, r-devel-linux-x86_64-fedora-gcc, r-devel-windows-ix86+x86_64, r-patched-linux-x86_64, r-patched-solaris-x86

Version: 1.0
Check: R code for possible problems
Result: NOTE
    plotTrait: no visible global function definition for 'plot'
    plotTrait: no visible global function definition for 'points'
    plotTrait: no visible global function definition for 'legend'
    test.windex: no visible global function definition for 'hist'
    test.windex: no visible global function definition for 'abline'
    test.windex: no visible global function definition for 'legend'
    windex: no visible global function definition for 'sd'
    windex: no visible global function definition for 'var'
    windex: no visible global function definition for 'dist'
    windex: no visible global function definition for 'quantile'
    Undefined global functions or variables:
     abline dist hist legend plot points quantile sd var
    Consider adding
     importFrom("graphics", "abline", "hist", "legend", "plot", "points")
     importFrom("stats", "dist", "quantile", "sd", "var")
    to your NAMESPACE file.
Flavors: r-devel-windows-ix86+x86_64-gcc8, r-release-linux-x86_64, r-release-windows-ix86+x86_64, r-release-osx-x86_64, r-oldrel-windows-ix86+x86_64, r-oldrel-osx-x86_64