CRAN Package Check Results for Package windex

Last updated on 2019-09-18 11:49:09 CEST.

Flavor Version Tinstall Tcheck Ttotal Status Flags
r-devel-linux-x86_64-debian-clang 1.0 3.13 30.22 33.35 NOTE
r-devel-linux-x86_64-debian-gcc 1.0 2.43 24.85 27.28 NOTE
r-devel-linux-x86_64-fedora-clang 1.0 41.80 NOTE
r-devel-linux-x86_64-fedora-gcc 1.0 41.20 NOTE
r-devel-windows-ix86+x86_64 1.0 16.00 49.00 65.00 NOTE
r-patched-linux-x86_64 1.0 3.07 30.67 33.74 NOTE
r-patched-solaris-x86 1.0 64.60 NOTE
r-release-linux-x86_64 1.0 3.01 30.46 33.47 NOTE
r-release-windows-ix86+x86_64 1.0 10.00 80.00 90.00 NOTE
r-release-osx-x86_64 1.0 NOTE
r-oldrel-windows-ix86+x86_64 1.0 5.00 50.00 55.00 NOTE
r-oldrel-osx-x86_64 1.0 NOTE

Check Details

Version: 1.0
Check: R code for possible problems
Result: NOTE
    plotTrait: no visible global function definition for 'plot'
    plotTrait: no visible global function definition for 'points'
    plotTrait: no visible global function definition for 'legend'
    test.windex: no visible global function definition for 'hist'
    test.windex: no visible global function definition for 'abline'
    test.windex: no visible global function definition for 'legend'
    windex: no visible global function definition for 'sd'
    windex: no visible global function definition for 'var'
    windex: no visible global function definition for 'dist'
    windex: no visible global function definition for 'quantile'
    Undefined global functions or variables:
     abline dist hist legend plot points quantile sd var
    Consider adding
     importFrom("graphics", "abline", "hist", "legend", "plot", "points")
     importFrom("stats", "dist", "quantile", "sd", "var")
    to your NAMESPACE file.
Flavors: r-devel-linux-x86_64-debian-clang, r-devel-linux-x86_64-debian-gcc, r-devel-linux-x86_64-fedora-clang, r-devel-linux-x86_64-fedora-gcc, r-devel-windows-ix86+x86_64, r-patched-linux-x86_64, r-patched-solaris-x86, r-release-linux-x86_64, r-release-windows-ix86+x86_64, r-release-osx-x86_64, r-oldrel-windows-ix86+x86_64, r-oldrel-osx-x86_64