CRAN Package Check Results for Package windex

Last updated on 2019-06-19 08:53:25 CEST.

Flavor Version Tinstall Tcheck Ttotal Status Flags
r-devel-linux-x86_64-debian-clang 1.0 2.97 31.18 34.15 NOTE
r-devel-linux-x86_64-debian-gcc 1.0 2.44 25.18 27.62 NOTE
r-devel-linux-x86_64-fedora-clang 1.0 41.17 NOTE
r-devel-linux-x86_64-fedora-gcc 1.0 39.52 NOTE
r-devel-windows-ix86+x86_64 1.0 13.00 65.00 78.00 NOTE
r-patched-linux-x86_64 1.0 2.82 31.18 34.00 NOTE
r-patched-solaris-x86 1.0 67.80 NOTE
r-release-linux-x86_64 1.0 3.09 32.96 36.05 NOTE
r-release-windows-ix86+x86_64 1.0 13.00 61.00 74.00 NOTE
r-release-osx-x86_64 1.0 NOTE
r-oldrel-windows-ix86+x86_64 1.0 5.00 73.00 78.00 NOTE
r-oldrel-osx-x86_64 1.0 NOTE

Check Details

Version: 1.0
Check: R code for possible problems
Result: NOTE
    plotTrait: no visible global function definition for 'plot'
    plotTrait: no visible global function definition for 'points'
    plotTrait: no visible global function definition for 'legend'
    test.windex: no visible global function definition for 'hist'
    test.windex: no visible global function definition for 'abline'
    test.windex: no visible global function definition for 'legend'
    windex: no visible global function definition for 'sd'
    windex: no visible global function definition for 'var'
    windex: no visible global function definition for 'dist'
    windex: no visible global function definition for 'quantile'
    Undefined global functions or variables:
     abline dist hist legend plot points quantile sd var
    Consider adding
     importFrom("graphics", "abline", "hist", "legend", "plot", "points")
     importFrom("stats", "dist", "quantile", "sd", "var")
    to your NAMESPACE file.
Flavors: r-devel-linux-x86_64-debian-clang, r-devel-linux-x86_64-debian-gcc, r-devel-linux-x86_64-fedora-clang, r-devel-linux-x86_64-fedora-gcc, r-devel-windows-ix86+x86_64, r-patched-linux-x86_64, r-patched-solaris-x86, r-release-linux-x86_64, r-release-windows-ix86+x86_64, r-release-osx-x86_64, r-oldrel-windows-ix86+x86_64, r-oldrel-osx-x86_64