CRAN Package Check Results for Package wingui

Last updated on 2021-01-24 16:46:52 CET.

Flavor Version Tinstall Tcheck Ttotal Status Flags
r-devel-linux-x86_64-debian-clang 0.2 3.29 28.70 31.99 OK
r-devel-linux-x86_64-debian-gcc 0.2 2.60 22.55 25.15 OK
r-devel-linux-x86_64-fedora-clang 0.2 48.84 NOTE
r-devel-linux-x86_64-fedora-gcc 0.2 37.58 NOTE
r-devel-windows-ix86+x86_64 0.2 61.00 57.00 118.00 NOTE
r-patched-linux-x86_64 0.2 3.33 27.40 30.73 OK
r-patched-solaris-x86 0.2 56.40 OK
r-release-linux-x86_64 0.2 3.27 27.64 30.91 OK
r-release-macos-x86_64 0.2 OK
r-release-windows-ix86+x86_64 0.2 50.00 73.00 123.00 NOTE
r-oldrel-macos-x86_64 0.2 OK
r-oldrel-windows-ix86+x86_64 0.2 43.00 69.00 112.00 NOTE

Check Details

Version: 0.2
Check: compiled code
Result: NOTE
    File ‘wingui/libs/wingui.so’:
     Found no calls to: ‘R_registerRoutines’, ‘R_useDynamicSymbols’
    
    It is good practice to register native routines and to disable symbol
    search.
    
    See ‘Writing portable packages’ in the ‘Writing R Extensions’ manual.
Flavors: r-devel-linux-x86_64-fedora-clang, r-devel-linux-x86_64-fedora-gcc

Version: 0.2
Check: R code for possible problems
Result: NOTE
    .__A__.1 : <anonymous>: no visible binding for global variable '.hwnd'
    Undefined global functions or variables:
     .hwnd
Flavors: r-devel-windows-ix86+x86_64, r-release-windows-ix86+x86_64, r-oldrel-windows-ix86+x86_64