CRAN Package Check Results for Package winputall

Last updated on 2025-01-22 21:49:58 CET.

Flavor Version Tinstall Tcheck Ttotal Status Flags
r-devel-linux-x86_64-debian-clang 1.0.1 308.30 171.55 479.85 OK
r-devel-linux-x86_64-debian-gcc 1.0.1 302.06 143.96 446.02 OK
r-devel-linux-x86_64-fedora-clang 1.0.1 802.07 OK
r-devel-linux-x86_64-fedora-gcc 1.0.1 1074.56 OK
r-devel-windows-x86_64 1.0.1 305.00 197.00 502.00 OK
r-patched-linux-x86_64 1.0.1 378.86 193.48 572.34 OK
r-release-linux-x86_64 1.0.1 375.15 194.30 569.45 OK
r-release-macos-arm64 1.0.1 195.00 NOTE
r-release-macos-x86_64 1.0.1 327.00 NOTE
r-release-windows-x86_64 1.0.1 304.00 186.00 490.00 OK
r-oldrel-macos-arm64 1.0.1 215.00 NOTE
r-oldrel-macos-x86_64 1.0.1 238.00 NOTE
r-oldrel-windows-x86_64 1.0.1 409.00 241.00 650.00 OK

Check Details

Version: 1.0.1
Check: installed package size
Result: NOTE installed size is 57.4Mb sub-directories of 1Mb or more: libs 57.0Mb Flavors: r-release-macos-arm64, r-release-macos-x86_64, r-oldrel-macos-arm64, r-oldrel-macos-x86_64

Version: 1.0.1
Check: for GNU extensions in Makefiles
Result: NOTE GNU make is a SystemRequirements. Flavors: r-release-macos-arm64, r-release-macos-x86_64, r-oldrel-macos-arm64, r-oldrel-macos-x86_64