CRAN Package Check Results for Package wiqid

Last updated on 2021-09-16 18:49:50 CEST.

Flavor Version Tinstall Tcheck Ttotal Status Flags
r-devel-linux-x86_64-debian-clang 0.3.0 9.86 94.22 104.08 OK
r-devel-linux-x86_64-debian-gcc 0.3.0 8.40 67.14 75.54 OK
r-devel-linux-x86_64-fedora-clang 0.3.0 129.17 OK
r-devel-linux-x86_64-fedora-gcc 0.3.0 118.52 OK
r-devel-windows-x86_64 0.3.0 12.00 118.00 130.00 OK
r-devel-windows-x86_64-gcc10-UCRT 0.3.0 OK
r-patched-linux-x86_64 0.3.0 12.87 88.24 101.11 OK
r-patched-solaris-x86 0.3.0 163.10 OK
r-release-linux-x86_64 0.3.0 8.50 88.30 96.80 OK
r-release-macos-arm64 0.3.0 NOTE
r-release-macos-x86_64 0.3.0 OK
r-release-windows-ix86+x86_64 0.3.0 18.00 86.00 104.00 OK
r-oldrel-macos-x86_64 0.3.0 OK
r-oldrel-windows-ix86+x86_64 0.3.0 12.00 102.00 114.00 OK

Check Details

Version: 0.3.0
Check: package dependencies
Result: NOTE
    Package suggested but not available for checking: ‘rjags’
Flavor: r-release-macos-arm64