CRAN Package Check Results for Package wk

Last updated on 2022-11-27 11:20:07 CET.

Flavor Version Tinstall Tcheck Ttotal Status Flags
r-devel-linux-x86_64-debian-clang 0.7.0 18.78 86.30 105.08 OK
r-devel-linux-x86_64-debian-gcc 0.7.0 16.21 65.00 81.21 OK
r-devel-linux-x86_64-fedora-clang 0.7.0 144.89 NOTE
r-devel-linux-x86_64-fedora-gcc 0.7.0 152.79 NOTE
r-devel-windows-x86_64 0.7.0 646.00 147.00 793.00 OK
r-patched-linux-x86_64 0.7.0 20.69 79.39 100.08 OK
r-release-linux-x86_64 0.7.0 21.42 81.82 103.24 OK
r-release-macos-arm64 0.7.0 49.00 NOTE
r-release-macos-x86_64 0.7.0 75.00 NOTE
r-release-windows-x86_64 0.7.0 367.00 140.00 507.00 OK
r-oldrel-macos-arm64 0.7.0 46.00 NOTE
r-oldrel-macos-x86_64 0.7.0 79.00 NOTE
r-oldrel-windows-ix86+x86_64 0.7.0 68.00 167.00 235.00 OK

Check Details

Version: 0.7.0
Check: data for non-ASCII characters
Result: NOTE
     Note: found 3984 marked UTF-8 strings
Flavors: r-devel-linux-x86_64-fedora-clang, r-devel-linux-x86_64-fedora-gcc, r-release-macos-arm64, r-release-macos-x86_64, r-oldrel-macos-arm64, r-oldrel-macos-x86_64