CRAN Package Check Results for Package wk

Last updated on 2021-06-24 21:51:59 CEST.

Flavor Version Tinstall Tcheck Ttotal Status Flags
r-devel-linux-x86_64-debian-clang 0.4.1 15.97 149.35 165.32 NOTE
r-devel-linux-x86_64-debian-gcc 0.4.1 11.89 110.03 121.92 NOTE
r-devel-linux-x86_64-fedora-clang 0.4.1 197.84 NOTE
r-devel-linux-x86_64-fedora-gcc 0.4.1 195.46 NOTE
r-devel-windows-x86_64 0.4.1 31.00 145.00 176.00 NOTE
r-devel-windows-x86_64-gcc10-UCRT 0.4.1 NOTE
r-patched-linux-x86_64 0.4.1 15.32 143.99 159.31 NOTE
r-patched-solaris-x86 0.4.1 223.30 NOTE
r-release-linux-x86_64 0.4.1 14.80 143.26 158.06 NOTE
r-release-macos-arm64 0.4.1 ERROR
r-release-macos-x86_64 0.4.1 NOTE
r-release-windows-ix86+x86_64 0.4.1 54.00 277.00 331.00 NOTE
r-oldrel-macos-x86_64 0.4.1 OK
r-oldrel-windows-ix86+x86_64 0.4.1 56.00 262.00 318.00 OK

Check Details

Version: 0.4.1
Check: LazyData
Result: NOTE
     'LazyData' is specified without a 'data' directory
Flavors: r-devel-linux-x86_64-debian-clang, r-devel-linux-x86_64-debian-gcc, r-devel-linux-x86_64-fedora-clang, r-devel-linux-x86_64-fedora-gcc, r-devel-windows-x86_64, r-devel-windows-x86_64-gcc10-UCRT, r-patched-linux-x86_64, r-patched-solaris-x86, r-release-linux-x86_64, r-release-macos-arm64, r-release-macos-x86_64, r-release-windows-ix86+x86_64

Version: 0.4.1
Check: package dependencies
Result: NOTE
    Package suggested but not available for checking: ‘sf’
Flavor: r-release-macos-arm64

Version: 0.4.1
Check: Rd cross-references
Result: NOTE
    Package unavailable to check Rd xrefs: ‘sf’
Flavor: r-release-macos-arm64

Version: 0.4.1
Check: tests
Result: ERROR
     Running ‘testthat.R’ [8s/8s]
    Running the tests in ‘tests/testthat.R’ failed.
    Last 13 lines of output:
     ── Error (test-sfc-writer.R:333:3): nested geometries have their dimensions checked ──
     Error: there is no package called 'sf'
     Backtrace:
     █
     1. ├─testthat::expect_identical(...) test-sfc-writer.R:333:2
     2. │ └─testthat::quasi_label(enquo(expected), expected.label, arg = "expected")
     3. │ └─rlang::eval_bare(expr, quo_get_env(quo))
     4. └─base::loadNamespace(x)
     5. └─base::withRestarts(stop(cond), retry_loadNamespace = function() NULL)
     6. └─base:::withOneRestart(expr, restarts[[1L]])
     7. └─base:::doWithOneRestart(return(expr), restart)
    
     [ FAIL 2 | WARN 0 | SKIP 24 | PASS 708 ]
     Error: Test failures
     Execution halted
Flavor: r-release-macos-arm64