CRAN Package Check Results for Package wkutils

Last updated on 2021-06-24 22:54:46 CEST.

Flavor Version Tinstall Tcheck Ttotal Status Flags
r-devel-linux-x86_64-debian-clang 0.1.1 97.27 36.02 133.29 NOTE
r-devel-linux-x86_64-debian-gcc 0.1.1 68.25 28.58 96.83 NOTE
r-devel-linux-x86_64-fedora-clang 0.1.1 195.10 NOTE
r-devel-linux-x86_64-fedora-gcc 0.1.1 176.94 NOTE
r-devel-windows-x86_64 0.1.1 117.00 53.00 170.00 NOTE
r-devel-windows-x86_64-gcc10-UCRT 0.1.1 NOTE
r-patched-linux-x86_64 0.1.1 89.21 35.38 124.59 NOTE
r-patched-solaris-x86 0.1.1 166.50 NOTE
r-release-linux-x86_64 0.1.1 81.44 35.22 116.66 NOTE
r-release-macos-arm64 0.1.1 NOTE
r-release-macos-x86_64 0.1.1 NOTE
r-release-windows-ix86+x86_64 0.1.1 159.00 76.00 235.00 NOTE
r-oldrel-macos-x86_64 0.1.1 OK
r-oldrel-windows-ix86+x86_64 0.1.1 221.00 87.00 308.00 OK

Check Details

Version: 0.1.1
Check: LazyData
Result: NOTE
     'LazyData' is specified without a 'data' directory
Flavors: r-devel-linux-x86_64-debian-clang, r-devel-linux-x86_64-debian-gcc, r-devel-linux-x86_64-fedora-clang, r-devel-linux-x86_64-fedora-gcc, r-devel-windows-x86_64, r-devel-windows-x86_64-gcc10-UCRT, r-patched-linux-x86_64, r-patched-solaris-x86, r-release-linux-x86_64, r-release-macos-arm64, r-release-macos-x86_64, r-release-windows-ix86+x86_64

Version: 0.1.1
Check: installed package size
Result: NOTE
     installed size is 5.4Mb
     sub-directories of 1Mb or more:
     libs 4.9Mb
Flavor: r-devel-linux-x86_64-fedora-clang