CRAN Package Check Results for Package wkutils

Last updated on 2022-06-28 10:49:24 CEST.

Flavor Version Tinstall Tcheck Ttotal Status Flags
r-devel-linux-x86_64-debian-clang 0.1.1 87.23 38.39 125.62 NOTE
r-devel-linux-x86_64-debian-gcc 0.1.1 79.13 29.33 108.46 NOTE
r-devel-linux-x86_64-fedora-clang 0.1.1 205.33 NOTE
r-devel-linux-x86_64-fedora-gcc 0.1.1 190.29 NOTE
r-devel-windows-x86_64 0.1.1 83.00 92.00 175.00 NOTE
r-patched-linux-x86_64 0.1.1 90.05 36.30 126.35 NOTE
r-release-linux-x86_64 0.1.1 84.00 36.66 120.66 NOTE
r-release-macos-arm64 0.1.1 47.00 NOTE
r-release-macos-x86_64 0.1.1 61.00 NOTE
r-release-windows-x86_64 0.1.1 88.00 94.00 182.00 NOTE
r-oldrel-macos-arm64 0.1.1 56.00 NOTE
r-oldrel-macos-x86_64 0.1.1 80.00 NOTE
r-oldrel-windows-ix86+x86_64 0.1.1 230.00 94.00 324.00 NOTE

Check Details

Version: 0.1.1
Check: LazyData
Result: NOTE
     'LazyData' is specified without a 'data' directory
Flavors: r-devel-linux-x86_64-debian-clang, r-devel-linux-x86_64-debian-gcc, r-devel-linux-x86_64-fedora-clang, r-devel-linux-x86_64-fedora-gcc, r-devel-windows-x86_64, r-patched-linux-x86_64, r-release-linux-x86_64, r-release-macos-arm64, r-release-macos-x86_64, r-release-windows-x86_64, r-oldrel-macos-arm64, r-oldrel-macos-x86_64, r-oldrel-windows-ix86+x86_64