CRAN Package Check Results for Package wmwpow

Last updated on 2019-05-22 18:52:05 CEST.

Flavor Version Tinstall Tcheck Ttotal Status Flags
r-devel-linux-x86_64-debian-clang 0.1.2 2.24 36.72 38.96 OK
r-devel-linux-x86_64-debian-gcc 0.1.2 2.11 29.05 31.16 OK
r-devel-linux-x86_64-fedora-clang 0.1.2 49.87 NOTE
r-devel-linux-x86_64-fedora-gcc 0.1.2 44.97 NOTE
r-devel-windows-ix86+x86_64 0.1.2 7.00 68.00 75.00 OK
r-patched-linux-x86_64 0.1.2 2.48 36.50 38.98 OK
r-patched-solaris-x86 0.1.2 69.10 NOTE
r-release-linux-x86_64 0.1.2 2.44 36.66 39.10 OK
r-release-windows-ix86+x86_64 0.1.2 10.00 53.00 63.00 OK
r-release-osx-x86_64 0.1.2 NOTE
r-oldrel-windows-ix86+x86_64 0.1.2 4.00 47.00 51.00 OK
r-oldrel-osx-x86_64 0.1.2 NOTE

Check Details

Version: 0.1.2
Check: dependencies in R code
Result: NOTE
    Namespace in Imports field not imported from: ‘MASS’
     All declared Imports should be used.
Flavors: r-devel-linux-x86_64-fedora-clang, r-devel-linux-x86_64-fedora-gcc, r-patched-solaris-x86, r-release-osx-x86_64, r-oldrel-osx-x86_64