CRAN Package Check Results for Package wmwpow

Last updated on 2019-03-19 00:48:24 CET.

Flavor Version Tinstall Tcheck Ttotal Status Flags
r-devel-linux-x86_64-debian-clang 0.1.2 2.16 38.12 40.28 WARN
r-devel-linux-x86_64-debian-gcc 0.1.2 2.22 29.07 31.29 OK
r-devel-linux-x86_64-fedora-clang 0.1.2 48.30 NOTE
r-devel-linux-x86_64-fedora-gcc 0.1.2 44.86 NOTE
r-devel-windows-ix86+x86_64 0.1.2 5.00 66.00 71.00 OK
r-patched-linux-x86_64 0.1.2 1.80 35.47 37.27 OK
r-patched-solaris-x86 0.1.2 64.80 NOTE
r-release-linux-x86_64 0.1.2 1.56 34.78 36.34 OK
r-release-windows-ix86+x86_64 0.1.2 6.00 77.00 83.00 OK
r-release-osx-x86_64 0.1.2 NOTE
r-oldrel-windows-ix86+x86_64 0.1.2 4.00 64.00 68.00 OK
r-oldrel-osx-x86_64 0.1.2 NOTE

Check Details

Version: 0.1.2
Check: whether package can be installed
Result: WARN
    Found the following significant warnings:
     Warning: unable to re-encode 'shiehpow.R' lines 14, 15, 16, 23
     Warning: unable to re-encode 'wmwpowd.R' lines 21, 23, 25, 30
     Warning: unable to re-encode 'wmwpowp.R' lines 25, 30
Flavor: r-devel-linux-x86_64-debian-clang

Version: 0.1.2
Check: dependencies in R code
Result: NOTE
    Namespace in Imports field not imported from: ‘MASS’
     All declared Imports should be used.
Flavors: r-devel-linux-x86_64-fedora-clang, r-devel-linux-x86_64-fedora-gcc, r-patched-solaris-x86, r-release-osx-x86_64, r-oldrel-osx-x86_64