CRAN Package Check Results for Package womblR

Last updated on 2019-03-24 22:50:02 CET.

Flavor Version Tinstall Tcheck Ttotal Status Flags
r-devel-linux-x86_64-debian-clang 1.0.4 200.68 224.18 424.86 WARN
r-devel-linux-x86_64-debian-gcc 1.0.4 164.18 175.57 339.75 OK
r-devel-linux-x86_64-fedora-clang 1.0.4 634.57 NOTE
r-devel-linux-x86_64-fedora-gcc 1.0.4 469.11 OK
r-devel-windows-ix86+x86_64 1.0.4 471.00 478.00 949.00 OK
r-patched-linux-x86_64 1.0.4 192.68 224.13 416.81 OK
r-patched-solaris-x86 1.0.4 786.60 OK
r-release-linux-x86_64 1.0.4 187.98 218.86 406.84 OK
r-release-windows-ix86+x86_64 1.0.4 353.00 351.00 704.00 OK
r-release-osx-x86_64 1.0.4 NOTE
r-oldrel-windows-ix86+x86_64 1.0.4 373.00 392.00 765.00 OK
r-oldrel-osx-x86_64 1.0.4 NOTE

Check Details

Version: 1.0.4
Check: whether package can be installed
Result: WARN
    Found the following significant warnings:
     Warning: unable to re-encode 'GarwayHeath-data.R' lines 10, 15
Flavor: r-devel-linux-x86_64-debian-clang

Version: 1.0.4
Check: installed package size
Result: NOTE
     installed size is 8.6Mb
     sub-directories of 1Mb or more:
     libs 7.8Mb
Flavors: r-devel-linux-x86_64-fedora-clang, r-release-osx-x86_64, r-oldrel-osx-x86_64