CRAN Package Check Results for Package wooldridge

Last updated on 2020-07-12 02:47:02 CEST.

Flavor Version Tinstall Tcheck Ttotal Status Flags
r-devel-linux-x86_64-debian-clang 1.3.1 7.03 57.92 64.95 OK
r-devel-linux-x86_64-debian-gcc 1.3.1 5.22 44.44 49.66 OK
r-devel-linux-x86_64-fedora-clang 1.3.1 86.29 NOTE
r-devel-linux-x86_64-fedora-gcc 1.3.1 75.81 OK
r-devel-windows-ix86+x86_64 1.3.1 18.00 106.00 124.00 NOTE
r-patched-linux-x86_64 1.3.1 5.71 57.04 62.75 OK
r-patched-solaris-x86 1.3.1 101.20 NOTE
r-release-linux-x86_64 1.3.1 5.98 57.88 63.86 OK
r-release-macos-x86_64 1.3.1 NOTE
r-release-windows-ix86+x86_64 1.3.1 19.00 79.00 98.00 NOTE
r-oldrel-macos-x86_64 1.3.1 NOTE
r-oldrel-windows-ix86+x86_64 1.3.1 19.00 81.00 100.00 NOTE

Check Details

Version: 1.3.1
Check: installed package size
Result: NOTE
     installed size is 5.5Mb
     sub-directories of 1Mb or more:
     data 4.6Mb
Flavors: r-devel-linux-x86_64-fedora-clang, r-devel-windows-ix86+x86_64, r-patched-solaris-x86, r-release-macos-x86_64, r-release-windows-ix86+x86_64, r-oldrel-macos-x86_64, r-oldrel-windows-ix86+x86_64