CRAN Package Check Results for Package wordbankr

Last updated on 2024-03-04 11:54:34 CET.

Flavor Version Tinstall Tcheck Ttotal Status Flags
r-devel-linux-x86_64-debian-gcc 1.0.3 9.86 87.30 97.16 OK
r-devel-linux-x86_64-fedora-clang 1.0.3 146.64 ERROR
r-devel-linux-x86_64-fedora-gcc 1.0.3 164.62 OK
r-devel-windows-x86_64 1.0.3 14.00 187.00 201.00 OK
r-release-linux-x86_64 1.0.3 8.17 112.94 121.11 OK
r-release-macos-arm64 1.0.2 133.00 OK
r-release-macos-x86_64 1.0.3 199.00 OK
r-release-windows-x86_64 1.0.3 16.00 196.00 212.00 OK
r-oldrel-macos-arm64 1.0.2 131.00 OK
r-oldrel-windows-x86_64 1.0.3 16.00 209.00 225.00 OK

Check Details

Version: 1.0.3
Check: re-building of vignette outputs
Result: ERROR Error(s) in re-building vignettes: --- re-building ‘wordbankr.Rmd’ using rmarkdown Quitting from lines 74-81 [unnamed-chunk-6] (wordbankr.Rmd) Error: processing vignette 'wordbankr.Rmd' failed with diagnostics: no applicable method for 'filter' applied to an object of class "NULL" --- failed re-building ‘wordbankr.Rmd’ SUMMARY: processing the following file failed: ‘wordbankr.Rmd’ Error: Vignette re-building failed. Execution halted Flavor: r-devel-linux-x86_64-fedora-clang