CRAN Package Check Results for Package wordcloud

Last updated on 2019-12-16 11:50:13 CET.

Flavor Version Tinstall Tcheck Ttotal Status Flags
r-devel-linux-x86_64-debian-clang 2.6 19.52 30.11 49.63 OK
r-devel-linux-x86_64-debian-gcc 2.6 12.33 23.97 36.30 OK
r-devel-linux-x86_64-fedora-clang 2.6 66.11 NOTE
r-devel-linux-x86_64-fedora-gcc 2.6 61.96 NOTE
r-devel-windows-ix86+x86_64 2.6 46.00 93.00 139.00 OK
r-devel-windows-ix86+x86_64-gcc8 2.6 44.00 86.00 130.00 OK
r-patched-linux-x86_64 2.6 14.30 28.26 42.56 OK
r-patched-solaris-x86 2.6 74.70 NOTE
r-release-linux-x86_64 2.6 15.86 27.94 43.80 OK
r-release-windows-ix86+x86_64 2.6 54.00 59.00 113.00 OK
r-release-osx-x86_64 2.6 NOTE
r-oldrel-windows-ix86+x86_64 2.6 31.00 89.00 120.00 OK
r-oldrel-osx-x86_64 2.6 NOTE

Check Details

Version: 2.6
Check: data for non-ASCII characters
Result: NOTE
     Note: found 2 marked UTF-8 strings
Flavors: r-devel-linux-x86_64-fedora-clang, r-devel-linux-x86_64-fedora-gcc, r-patched-solaris-x86, r-release-osx-x86_64, r-oldrel-osx-x86_64