CRAN Package Check Results for Package wordcloud

Last updated on 2021-05-09 00:47:26 CEST.

Flavor Version Tinstall Tcheck Ttotal Status Flags
r-devel-linux-x86_64-debian-clang 2.6 20.49 33.47 53.96 OK
r-devel-linux-x86_64-debian-gcc 2.6 13.35 26.78 40.13 OK
r-devel-linux-x86_64-fedora-clang 2.6 81.47 NOTE
r-devel-linux-x86_64-fedora-gcc 2.6 64.75 NOTE
r-devel-windows-ix86+x86_64 2.6 42.00 7.00 49.00 ERROR
r-devel-windows-x86_64-gcc10-UCRT 2.6 NOTE
r-patched-linux-x86_64 2.6 15.50 32.84 48.34 OK
r-patched-solaris-x86 2.6 83.40 NOTE
r-release-linux-x86_64 2.6 16.61 32.59 49.20 OK
r-release-macos-x86_64 2.6 NOTE
r-release-windows-ix86+x86_64 2.6 40.00 67.00 107.00 OK
r-oldrel-macos-x86_64 2.6 NOTE
r-oldrel-windows-ix86+x86_64 2.6 58.00 54.00 112.00 OK

Check Details

Version: 2.6
Check: data for non-ASCII characters
Result: NOTE
     Note: found 2 marked UTF-8 strings
Flavors: r-devel-linux-x86_64-fedora-clang, r-devel-linux-x86_64-fedora-gcc, r-devel-windows-x86_64-gcc10-UCRT, r-patched-solaris-x86, r-release-macos-x86_64, r-oldrel-macos-x86_64

Version: 2.6
Check: whether package can be installed
Result: ERROR
    Installation failed.
    See for details.
    *
Flavor: r-devel-windows-ix86+x86_64