CRAN Package Check Results for Package wordcloud

Last updated on 2020-11-30 18:51:33 CET.

Flavor Version Tinstall Tcheck Ttotal Status Flags
r-devel-linux-x86_64-debian-clang 2.6 26.30 36.47 62.77 OK
r-devel-linux-x86_64-debian-gcc 2.6 21.07 30.43 51.50 OK
r-devel-linux-x86_64-fedora-clang 2.6 76.43 NOTE
r-devel-linux-x86_64-fedora-gcc 2.6 63.05 NOTE
r-devel-windows-ix86+x86_64 2.6 51.00 75.00 126.00 OK
r-patched-linux-x86_64 2.6 34.85 34.94 69.79 OK
r-patched-solaris-x86 2.6 80.90 NOTE
r-release-linux-x86_64 2.6 34.65 35.08 69.73 OK
r-release-macos-x86_64 2.6 NOTE
r-release-windows-ix86+x86_64 2.6 53.00 62.00 115.00 OK
r-oldrel-macos-x86_64 2.6 NOTE
r-oldrel-windows-ix86+x86_64 2.6 38.00 71.00 109.00 OK

Check Details

Version: 2.6
Check: data for non-ASCII characters
Result: NOTE
     Note: found 2 marked UTF-8 strings
Flavors: r-devel-linux-x86_64-fedora-clang, r-devel-linux-x86_64-fedora-gcc, r-patched-solaris-x86, r-release-macos-x86_64, r-oldrel-macos-x86_64