CRAN Package Check Results for Package wordcloud2

Last updated on 2022-12-09 18:53:40 CET.

Flavor Version Tinstall Tcheck Ttotal Status Flags
r-devel-linux-x86_64-debian-clang 0.2.1 2.20 35.12 37.32 OK
r-devel-linux-x86_64-debian-gcc 0.2.1 2.32 27.24 29.56 OK
r-devel-linux-x86_64-fedora-clang 0.2.1 56.58 NOTE
r-devel-linux-x86_64-fedora-gcc 0.2.1 66.47 NOTE
r-devel-windows-x86_64 0.2.1 18.00 68.00 86.00 OK
r-patched-linux-x86_64 0.2.1 2.64 32.21 34.85 OK
r-release-linux-x86_64 0.2.1 2.21 34.23 36.44 OK
r-release-macos-arm64 0.2.1 21.00 NOTE
r-release-macos-x86_64 0.2.1 28.00 NOTE
r-release-windows-x86_64 0.2.1 18.00 67.00 85.00 OK
r-oldrel-macos-arm64 0.2.1 42.00 NOTE
r-oldrel-macos-x86_64 0.2.1 29.00 NOTE
r-oldrel-windows-ix86+x86_64 0.2.1 9.00 58.00 67.00 OK

Check Details

Version: 0.2.1
Check: data for non-ASCII characters
Result: NOTE
     Note: found 933 marked UTF-8 strings
Flavors: r-devel-linux-x86_64-fedora-clang, r-devel-linux-x86_64-fedora-gcc, r-release-macos-arm64, r-release-macos-x86_64, r-oldrel-macos-arm64, r-oldrel-macos-x86_64