CRAN Package Check Results for Package wordspace

Last updated on 2018-12-14 11:47:48 CET.

Flavor Version Tinstall Tcheck Ttotal Status Flags
r-devel-linux-x86_64-debian-clang 0.2-0 30.84 101.97 132.81 NOTE
r-devel-linux-x86_64-debian-gcc 0.2-0 23.57 79.70 103.27 NOTE
r-devel-linux-x86_64-fedora-clang 0.2-0 162.06 NOTE
r-devel-linux-x86_64-fedora-gcc 0.2-0 156.99 NOTE
r-devel-windows-ix86+x86_64 0.2-0 66.00 210.00 276.00 OK
r-patched-linux-x86_64 0.2-0 33.69 97.00 130.69 OK
r-patched-solaris-x86 0.2-0 237.80 OK
r-release-linux-x86_64 0.2-0 33.26 97.87 131.13 OK
r-release-windows-ix86+x86_64 0.2-0 68.00 204.00 272.00 OK
r-release-osx-x86_64 0.2-0 OK
r-oldrel-windows-ix86+x86_64 0.2-0 47.00 181.00 228.00 OK
r-oldrel-osx-x86_64 0.2-0 OK

Check Details

Version: 0.2-0
Check: use of SHLIB_OPENMP_*FLAGS in Makefiles
Result: NOTE
     src/Makevars: SHLIB_OPENMP_CFLAGS is included in PKG_CFLAGS without any C files
     src/Makevars: incorrect macro SHLIB_OPENMP_CFLAGS included in PKG_CXXFLAGS
     src/Makevars: SHLIB_OPENMP_CFLAGS is included in PKG_LIBS but linking is by C++
    Use of these macros is discussed in sect 1.2.1.1 of ‘Writing R
    Extensions’. The macros for different languages may differ so the
    matching macro must be used in PKG_CXXFLAGS (etc) and match that used
    in PKG_LIBS (except for Fortran: see the manual).
Flavors: r-devel-linux-x86_64-debian-clang, r-devel-linux-x86_64-debian-gcc, r-devel-linux-x86_64-fedora-clang, r-devel-linux-x86_64-fedora-gcc

Version: 0.2-0
Check: compiled code
Result: NOTE
    File ‘wordspace/libs/wordspace.so’:
     Found no calls to: ‘R_registerRoutines’, ‘R_useDynamicSymbols’
    
    It is good practice to register native routines and to disable symbol
    search.
    
    See ‘Writing portable packages’ in the ‘Writing R Extensions’ manual.
Flavors: r-devel-linux-x86_64-fedora-clang, r-devel-linux-x86_64-fedora-gcc