CRAN Package Check Results for Package wordspace

Last updated on 2018-09-21 13:56:16 CEST.

Flavor Version Tinstall Tcheck Ttotal Status Flags
r-devel-linux-x86_64-debian-clang 0.2-0 31.71 113.17 144.88 NOTE
r-devel-linux-x86_64-debian-gcc 0.2-0 27.52 90.28 117.80 NOTE
r-devel-linux-x86_64-fedora-clang 0.2-0 178.12 NOTE
r-devel-linux-x86_64-fedora-gcc 0.2-0 171.95 NOTE
r-devel-windows-ix86+x86_64 0.2-0 68.00 227.00 295.00 OK
r-patched-linux-x86_64 0.2-0 28.98 96.69 125.67 NOTE
r-patched-solaris-x86 0.2-0 233.20 OK
r-release-linux-x86_64 0.2-0 30.32 97.25 127.57 OK
r-release-windows-ix86+x86_64 0.2-0 64.00 157.00 221.00 OK
r-release-osx-x86_64 0.2-0 OK
r-oldrel-windows-ix86+x86_64 0.2-0 45.00 215.00 260.00 OK
r-oldrel-osx-x86_64 0.2-0 OK

Check Details

Version: 0.2-0
Check: use of SHLIB_OPENMP_*FLAGS in Makefiles
Result: NOTE
     src/Makevars: incorrect macro SHLIB_OPENMP_CFLAGS included in PKG_CXXFLAGS
    Use of these macros is discussed in sect 1.2.1.1 of ‘Writing R
    Extensions’. The macros for different languages may differ so the
    matching macro must be used in PKG_CXXFLAGS (etc) and match that used
    in PKG_LIBS (except for F77: see the manual).
Flavors: r-devel-linux-x86_64-debian-clang, r-devel-linux-x86_64-debian-gcc, r-devel-linux-x86_64-fedora-clang, r-devel-linux-x86_64-fedora-gcc

Version: 0.2-0
Check: compiled code
Result: NOTE
    File ‘wordspace/libs/wordspace.so’:
     Found no calls to: ‘R_registerRoutines’, ‘R_useDynamicSymbols’
    
    It is good practice to register native routines and to disable symbol
    search.
    
    See ‘Writing portable packages’ in the ‘Writing R Extensions’ manual.
Flavors: r-devel-linux-x86_64-fedora-clang, r-devel-linux-x86_64-fedora-gcc, r-patched-linux-x86_64