CRAN Package Check Results for Package wordspace

Last updated on 2018-06-18 10:49:11 CEST.

Flavor Version Tinstall Tcheck Ttotal Status Flags
r-devel-linux-x86_64-debian-clang 0.2-0 28.63 97.13 125.76 NOTE
r-devel-linux-x86_64-debian-gcc 0.2-0 25.71 87.75 113.46 NOTE
r-devel-linux-x86_64-fedora-clang 0.2-0 171.78 NOTE
r-devel-linux-x86_64-fedora-gcc 0.2-0 165.11 NOTE
r-devel-windows-ix86+x86_64 0.2-0 65.00 167.00 232.00 OK
r-patched-linux-x86_64 0.2-0 30.48 96.71 127.19 NOTE
r-patched-solaris-x86 0.2-0 234.90 OK
r-release-linux-x86_64 0.2-0 31.17 96.64 127.81 NOTE
r-release-windows-ix86+x86_64 0.2-0 66.00 163.00 229.00 OK
r-release-osx-x86_64 0.2-0 OK
r-oldrel-windows-ix86+x86_64 0.2-0 46.00 215.00 261.00 OK
r-oldrel-osx-x86_64 0.2-0 OK

Check Details

Version: 0.2-0
Check: compiled code
Result: NOTE
    File ‘wordspace/libs/wordspace.so’:
     Found no calls to: ‘R_registerRoutines’, ‘R_useDynamicSymbols’
    
    It is good practice to register native routines and to disable symbol
    search.
    
    See ‘Writing portable packages’ in the ‘Writing R Extensions’ manual.
Flavors: r-devel-linux-x86_64-debian-clang, r-devel-linux-x86_64-debian-gcc, r-devel-linux-x86_64-fedora-clang, r-devel-linux-x86_64-fedora-gcc, r-patched-linux-x86_64, r-release-linux-x86_64