CRAN Package Check Results for Package workloopR

Last updated on 2021-09-19 03:51:39 CEST.

Flavor Version Tinstall Tcheck Ttotal Status Flags
r-devel-linux-x86_64-debian-clang 1.1.4 3.53 54.51 58.04 OK
r-devel-linux-x86_64-debian-gcc 1.1.4 2.39 41.79 44.18 OK
r-devel-linux-x86_64-fedora-clang 1.1.4 77.53 OK
r-devel-linux-x86_64-fedora-gcc 1.1.4 65.42 OK
r-devel-windows-x86_64 1.1.4 6.00 84.00 90.00 OK
r-devel-windows-x86_64-gcc10-UCRT 1.1.4 ERROR
r-patched-linux-x86_64 1.1.4 4.10 59.20 63.30 OK
r-patched-solaris-x86 1.1.4 112.50 OK
r-release-linux-x86_64 1.1.4 3.31 59.28 62.59 OK
r-release-macos-arm64 1.1.4 OK
r-release-macos-x86_64 1.1.4 OK
r-release-windows-ix86+x86_64 1.1.4 8.00 64.00 72.00 OK
r-oldrel-macos-x86_64 1.1.4 OK
r-oldrel-windows-ix86+x86_64 1.1.4 8.00 65.00 73.00 OK

Check Details

Version: 1.1.4
Check: whether package can be installed
Result: WARN
    Found the following significant warnings:
     WARNING: installation-time patches will not be applied, could not get the patches index
Flavor: r-devel-windows-x86_64-gcc10-UCRT

Version: 1.1.4
Check: PDF version of manual
Result: WARN
    LaTeX errors when creating PDF version.
    This typically indicates Rd problems.
Flavor: r-devel-windows-x86_64-gcc10-UCRT

Version: 1.1.4
Check: PDF version of manual without hyperrefs or index
Result: ERROR
    Re-running with no redirection of stdout/stderr.
Flavor: r-devel-windows-x86_64-gcc10-UCRT