Last updated on 2021-01-17 18:48:14 CET.
Flavor | Version | Tinstall | Tcheck | Ttotal | Status | Flags |
---|---|---|---|---|---|---|
r-devel-linux-x86_64-debian-clang | 0.2.2 | 2.73 | 28.76 | 31.49 | NOTE | |
r-devel-linux-x86_64-debian-gcc | 0.2.2 | 2.34 | 22.76 | 25.10 | NOTE | |
r-devel-linux-x86_64-fedora-clang | 0.2.2 | 48.43 | NOTE | |||
r-devel-linux-x86_64-fedora-gcc | 0.2.2 | 37.23 | NOTE | |||
r-devel-windows-ix86+x86_64 | 0.2.2 | 6.00 | 40.00 | 46.00 | OK | |
r-patched-linux-x86_64 | 0.2.2 | 2.49 | 27.28 | 29.77 | NOTE | |
r-patched-solaris-x86 | 0.2.2 | 57.60 | NOTE | |||
r-release-linux-x86_64 | 0.2.2 | 2.68 | 27.02 | 29.70 | NOTE | |
r-release-macos-x86_64 | 0.2.2 | OK | ||||
r-release-windows-ix86+x86_64 | 0.2.2 | 6.00 | 50.00 | 56.00 | OK | |
r-oldrel-macos-x86_64 | 0.2.2 | OK | ||||
r-oldrel-windows-ix86+x86_64 | 0.2.2 | 6.00 | 52.00 | 58.00 | OK |
Version: 0.2.2
Check: for non-standard things in the check directory
Result: NOTE
Found the following files/directories:
'aphiainfo.csv' 'tax.csv'
Flavors: r-devel-linux-x86_64-debian-clang, r-devel-linux-x86_64-debian-gcc, r-devel-linux-x86_64-fedora-clang, r-devel-linux-x86_64-fedora-gcc, r-patched-linux-x86_64, r-patched-solaris-x86, r-release-linux-x86_64