CRAN Package Check Results for Package worms

Last updated on 2022-09-28 06:54:23 CEST.

Flavor Version Tinstall Tcheck Ttotal Status Flags
r-devel-linux-x86_64-debian-clang 0.2.2 2.63 31.13 33.76 NOTE
r-devel-linux-x86_64-debian-gcc 0.2.2 2.45 24.44 26.89 NOTE
r-devel-linux-x86_64-fedora-clang 0.2.2 53.47 NOTE
r-devel-linux-x86_64-fedora-gcc 0.2.2 50.49 NOTE
r-devel-windows-x86_64 0.2.2 8.00 57.00 65.00 OK
r-patched-linux-x86_64 0.2.2 2.67 29.96 32.63 NOTE
r-release-linux-x86_64 0.2.2 2.16 29.70 31.86 NOTE
r-release-macos-arm64 0.2.2 23.00 OK
r-release-macos-x86_64 0.2.2 31.00 OK
r-release-windows-x86_64 0.2.2 12.00 60.00 72.00 OK
r-oldrel-macos-arm64 0.2.2 25.00 OK
r-oldrel-macos-x86_64 0.2.2 36.00 OK
r-oldrel-windows-ix86+x86_64 0.2.2 8.00 59.00 67.00 OK

Additional issues

donttest

Check Details

Version: 0.2.2
Check: for non-standard things in the check directory
Result: NOTE
    Found the following files/directories:
     'aphiainfo.csv' 'tax.csv'
Flavors: r-devel-linux-x86_64-debian-clang, r-devel-linux-x86_64-debian-gcc, r-devel-linux-x86_64-fedora-clang, r-devel-linux-x86_64-fedora-gcc, r-patched-linux-x86_64, r-release-linux-x86_64