CRAN Package Check Results for Package worrms

Last updated on 2019-06-20 10:52:08 CEST.

Flavor Version Tinstall Tcheck Ttotal Status Flags
r-devel-linux-x86_64-debian-clang 0.3.2 2.29 32.83 35.12 ERROR
r-devel-linux-x86_64-debian-gcc 0.3.2 1.90 26.34 28.24 ERROR
r-devel-linux-x86_64-fedora-clang 0.3.2 42.00 ERROR
r-devel-linux-x86_64-fedora-gcc 0.3.2 40.62 ERROR
r-devel-windows-ix86+x86_64 0.3.2 8.00 76.00 84.00 ERROR
r-patched-linux-x86_64 0.3.2 1.89 32.94 34.83 ERROR
r-patched-solaris-x86 0.3.2 62.00 OK
r-release-linux-x86_64 0.3.2 2.37 33.72 36.09 ERROR
r-release-windows-ix86+x86_64 0.3.2 8.00 60.00 68.00 ERROR
r-release-osx-x86_64 0.3.2 OK
r-oldrel-windows-ix86+x86_64 0.3.2 3.00 76.00 79.00 ERROR
r-oldrel-osx-x86_64 0.3.2 OK

Check Details

Version: 0.3.2
Check: tests
Result: ERROR
     Running 'test-all.R' [11s/29s]
    Running the tests in 'tests/test-all.R' failed.
    Complete output:
     > library("testthat")
     > test_check("worrms")
     Loading required package: worrms
     Loading required namespace: jsonlite
     -- 1. Failure: wm_children_ - 'name' input works (@test-wm_children.R#69) -----
     any(grepl("Platanista", aa$scientificname)) isn't true.
    
     == testthat results ===========================================================
     OK: 161 SKIPPED: 28 WARNINGS: 1 FAILED: 1
     1. Failure: wm_children_ - 'name' input works (@test-wm_children.R#69)
    
     Error: testthat unit tests failed
     Execution halted
Flavor: r-devel-linux-x86_64-debian-clang

Version: 0.3.2
Check: tests
Result: ERROR
     Running ‘test-all.R’ [9s/20s]
    Running the tests in ‘tests/test-all.R’ failed.
    Complete output:
     > library("testthat")
     > test_check("worrms")
     Loading required package: worrms
     Loading required namespace: jsonlite
     ── 1. Failure: wm_children_ - 'name' input works (@test-wm_children.R#69) ─────
     any(grepl("Platanista", aa$scientificname)) isn't true.
    
     ══ testthat results ═══════════════════════════════════════════════════════════
     OK: 161 SKIPPED: 28 WARNINGS: 1 FAILED: 1
     1. Failure: wm_children_ - 'name' input works (@test-wm_children.R#69)
    
     Error: testthat unit tests failed
     Execution halted
Flavor: r-devel-linux-x86_64-debian-gcc

Version: 0.3.2
Check: tests
Result: ERROR
     Running ‘test-all.R’ [13s/20s]
    Running the tests in ‘tests/test-all.R’ failed.
    Complete output:
     > library("testthat")
     > test_check("worrms")
     Loading required package: worrms
     Loading required namespace: jsonlite
     ── 1. Failure: wm_children_ - 'name' input works (@test-wm_children.R#69) ─────
     any(grepl("Platanista", aa$scientificname)) isn't true.
    
     ══ testthat results ═══════════════════════════════════════════════════════════
     OK: 161 SKIPPED: 28 WARNINGS: 1 FAILED: 1
     1. Failure: wm_children_ - 'name' input works (@test-wm_children.R#69)
    
     Error: testthat unit tests failed
     Execution halted
Flavor: r-devel-linux-x86_64-fedora-clang

Version: 0.3.2
Check: tests
Result: ERROR
     Running ‘test-all.R’ [13s/18s]
    Running the tests in ‘tests/test-all.R’ failed.
    Complete output:
     > library("testthat")
     > test_check("worrms")
     Loading required package: worrms
     Loading required namespace: jsonlite
     ── 1. Failure: wm_children_ - 'name' input works (@test-wm_children.R#69) ─────
     any(grepl("Platanista", aa$scientificname)) isn't true.
    
     ══ testthat results ═══════════════════════════════════════════════════════════
     OK: 161 SKIPPED: 28 WARNINGS: 1 FAILED: 1
     1. Failure: wm_children_ - 'name' input works (@test-wm_children.R#69)
    
     Error: testthat unit tests failed
     Execution halted
Flavor: r-devel-linux-x86_64-fedora-gcc

Version: 0.3.2
Check: tests
Result: ERROR
     Running 'test-all.R' [23s]
    Running the tests in 'tests/test-all.R' failed.
    Complete output:
     > library("testthat")
     > test_check("worrms")
     Loading required package: worrms
     Loading required namespace: jsonlite
     -- 1. Failure: wm_children_ - 'name' input works (@test-wm_children.R#69) -----
     any(grepl("Platanista", aa$scientificname)) isn't true.
    
     == testthat results ===========================================================
     OK: 161 SKIPPED: 28 WARNINGS: 1 FAILED: 1
     1. Failure: wm_children_ - 'name' input works (@test-wm_children.R#69)
    
     Error: testthat unit tests failed
     Execution halted
Flavor: r-devel-windows-ix86+x86_64

Version: 0.3.2
Check: tests
Result: ERROR
     Running ‘test-all.R’ [11s/26s]
    Running the tests in ‘tests/test-all.R’ failed.
    Complete output:
     > library("testthat")
     > test_check("worrms")
     Loading required package: worrms
     Loading required namespace: jsonlite
     ── 1. Failure: wm_children_ - 'name' input works (@test-wm_children.R#69) ─────
     any(grepl("Platanista", aa$scientificname)) isn't true.
    
     ══ testthat results ═══════════════════════════════════════════════════════════
     OK: 161 SKIPPED: 28 WARNINGS: 1 FAILED: 1
     1. Failure: wm_children_ - 'name' input works (@test-wm_children.R#69)
    
     Error: testthat unit tests failed
     Execution halted
Flavor: r-patched-linux-x86_64

Version: 0.3.2
Check: tests
Result: ERROR
     Running ‘test-all.R’ [12s/23s]
    Running the tests in ‘tests/test-all.R’ failed.
    Complete output:
     > library("testthat")
     > test_check("worrms")
     Loading required package: worrms
     Loading required namespace: jsonlite
     ── 1. Failure: wm_children_ - 'name' input works (@test-wm_children.R#69) ─────
     any(grepl("Platanista", aa$scientificname)) isn't true.
    
     ══ testthat results ═══════════════════════════════════════════════════════════
     OK: 161 SKIPPED: 28 WARNINGS: 1 FAILED: 1
     1. Failure: wm_children_ - 'name' input works (@test-wm_children.R#69)
    
     Error: testthat unit tests failed
     Execution halted
Flavor: r-release-linux-x86_64

Version: 0.3.2
Check: tests
Result: ERROR
     Running 'test-all.R' [20s]
    Running the tests in 'tests/test-all.R' failed.
    Complete output:
     > library("testthat")
     > test_check("worrms")
     Loading required package: worrms
     Loading required namespace: jsonlite
     -- 1. Failure: wm_children_ - 'name' input works (@test-wm_children.R#69) -----
     any(grepl("Platanista", aa$scientificname)) isn't true.
    
     == testthat results ===========================================================
     OK: 161 SKIPPED: 28 WARNINGS: 1 FAILED: 1
     1. Failure: wm_children_ - 'name' input works (@test-wm_children.R#69)
    
     Error: testthat unit tests failed
     Execution halted
Flavor: r-release-windows-ix86+x86_64

Version: 0.3.2
Check: tests
Result: ERROR
     Running 'test-all.R' [26s]
    Running the tests in 'tests/test-all.R' failed.
    Complete output:
     > library("testthat")
     > test_check("worrms")
     Loading required package: worrms
     Loading required namespace: jsonlite
     -- 1. Failure: wm_children_ - 'name' input works (@test-wm_children.R#69) -----
     any(grepl("Platanista", aa$scientificname)) isn't true.
    
     == testthat results ===========================================================
     OK: 161 SKIPPED: 28 WARNINGS: 1 FAILED: 1
     1. Failure: wm_children_ - 'name' input works (@test-wm_children.R#69)
    
     Error: testthat unit tests failed
     Execution halted
Flavor: r-oldrel-windows-ix86+x86_64