CRAN Package Check Results for Package worrms

Last updated on 2022-07-01 23:53:37 CEST.

Flavor Version Tinstall Tcheck Ttotal Status Flags
r-devel-linux-x86_64-debian-clang 0.4.2 2.67 43.37 46.04 NOTE
r-devel-linux-x86_64-debian-gcc 0.4.2 2.12 32.49 34.61 NOTE
r-devel-linux-x86_64-fedora-clang 0.4.2 65.59 NOTE
r-devel-linux-x86_64-fedora-gcc 0.4.2 64.97 NOTE
r-devel-windows-x86_64 0.4.2 32.00 78.00 110.00 NOTE
r-patched-linux-x86_64 0.4.2 2.71 41.76 44.47 NOTE
r-release-linux-x86_64 0.4.2 2.17 40.87 43.04 NOTE
r-release-macos-arm64 0.4.2 21.00 NOTE
r-release-macos-x86_64 0.4.2 32.00 NOTE
r-release-windows-x86_64 0.4.2 38.00 77.00 115.00 NOTE
r-oldrel-macos-arm64 0.4.2 26.00 NOTE
r-oldrel-macos-x86_64 0.4.2 35.00 NOTE
r-oldrel-windows-ix86+x86_64 0.4.2 10.00 61.00 71.00 NOTE

Check Details

Version: 0.4.2
Check: LazyData
Result: NOTE
     'LazyData' is specified without a 'data' directory
Flavors: r-devel-linux-x86_64-debian-clang, r-devel-linux-x86_64-debian-gcc, r-devel-linux-x86_64-fedora-clang, r-devel-linux-x86_64-fedora-gcc, r-devel-windows-x86_64, r-patched-linux-x86_64, r-release-linux-x86_64, r-release-macos-arm64, r-release-macos-x86_64, r-release-windows-x86_64, r-oldrel-macos-arm64, r-oldrel-macos-x86_64, r-oldrel-windows-ix86+x86_64