CRAN Package Check Results for Package wosr

Last updated on 2021-09-27 15:48:57 CEST.

Flavor Version Tinstall Tcheck Ttotal Status Flags
r-devel-linux-x86_64-debian-clang 0.3.0 3.18 29.61 32.79 NOTE
r-devel-linux-x86_64-debian-gcc 0.3.0 2.19 22.95 25.14 NOTE
r-devel-linux-x86_64-fedora-clang 0.3.0 48.92 NOTE
r-devel-linux-x86_64-fedora-gcc 0.3.0 37.04 NOTE
r-devel-windows-x86_64 0.3.0 4.00 35.00 39.00 NOTE
r-devel-windows-x86_64-gcc10-UCRT 0.3.0 NOTE
r-patched-linux-x86_64 0.3.0 3.06 28.59 31.65 NOTE
r-patched-solaris-x86 0.3.0 60.00 NOTE
r-release-linux-x86_64 0.3.0 2.77 28.42 31.19 NOTE
r-release-macos-arm64 0.3.0 NOTE
r-release-macos-x86_64 0.3.0 NOTE
r-release-windows-ix86+x86_64 0.3.0 6.00 35.00 41.00 NOTE
r-oldrel-macos-x86_64 0.3.0 OK
r-oldrel-windows-ix86+x86_64 0.3.0 5.00 33.00 38.00 OK

Check Details

Version: 0.3.0
Check: LazyData
Result: NOTE
     'LazyData' is specified without a 'data' directory
Flavors: r-devel-linux-x86_64-debian-clang, r-devel-linux-x86_64-debian-gcc, r-devel-linux-x86_64-fedora-clang, r-devel-linux-x86_64-fedora-gcc, r-devel-windows-x86_64, r-devel-windows-x86_64-gcc10-UCRT, r-patched-linux-x86_64, r-patched-solaris-x86, r-release-linux-x86_64, r-release-macos-arm64, r-release-macos-x86_64, r-release-windows-ix86+x86_64