Last updated on 2022-05-16 16:52:29 CEST.
Flavor | Version | Tinstall | Tcheck | Ttotal | Status | Flags |
---|---|---|---|---|---|---|
r-devel-linux-x86_64-debian-clang | 1.0.1 | 20.86 | 35.86 | 56.72 | NOTE | |
r-devel-linux-x86_64-debian-gcc | 1.0.1 | 14.70 | 27.96 | 42.66 | NOTE | |
r-devel-linux-x86_64-fedora-clang | 1.0.1 | 77.85 | NOTE | |||
r-devel-linux-x86_64-fedora-gcc | 1.0.1 | 70.17 | NOTE | |||
r-devel-windows-x86_64 | 1.0.1 | 25.00 | 70.00 | 95.00 | NOTE | |
r-patched-linux-x86_64 | 1.0.1 | 16.52 | 34.84 | 51.36 | NOTE | |
r-release-linux-x86_64 | 1.0.1 | 17.68 | 35.06 | 52.74 | NOTE | |
r-release-macos-arm64 | 1.0.1 | 22.00 | NOTE | |||
r-release-macos-x86_64 | 1.0.1 | 29.00 | NOTE | |||
r-release-windows-x86_64 | 1.0.1 | 27.00 | 69.00 | 96.00 | NOTE | |
r-oldrel-macos-arm64 | 1.0.1 | 24.00 | NOTE | |||
r-oldrel-macos-x86_64 | 1.0.1 | 36.00 | NOTE | |||
r-oldrel-windows-ix86+x86_64 | 1.0.1 | 52.00 | 71.00 | 123.00 | NOTE |
Version: 1.0.1
Check: Rd files
Result: NOTE
checkRd: (7) wowa.Rd:14: \item in \value must have non-empty label
Flavors: r-devel-linux-x86_64-debian-clang, r-devel-linux-x86_64-debian-gcc, r-devel-linux-x86_64-fedora-clang, r-devel-linux-x86_64-fedora-gcc, r-devel-windows-x86_64
Version: 1.0.1
Check: LazyData
Result: NOTE
'LazyData' is specified without a 'data' directory
Flavors: r-devel-linux-x86_64-debian-clang, r-devel-linux-x86_64-debian-gcc, r-devel-linux-x86_64-fedora-clang, r-devel-linux-x86_64-fedora-gcc, r-devel-windows-x86_64, r-patched-linux-x86_64, r-release-linux-x86_64, r-release-macos-arm64, r-release-macos-x86_64, r-release-windows-x86_64, r-oldrel-macos-arm64, r-oldrel-macos-x86_64, r-oldrel-windows-ix86+x86_64
Version: 1.0.1
Check: HTML version of manual
Result: NOTE
Found the following problems:
wowa.Rd:43:38: Warning: trimming empty <code>
Flavors: r-devel-linux-x86_64-debian-clang, r-devel-linux-x86_64-debian-gcc